{"id":8131,"date":"2025-11-07T15:37:44","date_gmt":"2025-11-07T18:37:44","guid":{"rendered":"https:\/\/upla.cl\/acompanamientoestudiantil\/?page_id=8131"},"modified":"2026-04-09T16:21:48","modified_gmt":"2026-04-09T20:21:48","slug":"noticias","status":"publish","type":"page","link":"https:\/\/upla.cl\/acompanamientoestudiantil\/noticias\/","title":{"rendered":"Noticias"},"content":{"rendered":"<p>[et_pb_section fb_built=\u00bb1&#8243; _builder_version=\u00bb4.27.6&#8243; _module_preset=\u00bbdefault\u00bb custom_padding=\u00bb||4px|||\u00bb global_colors_info=\u00bb{}\u00bb][et_pb_row column_structure=\u00bb1_2,1_2&#8243; _builder_version=\u00bb4.27.4&#8243; _module_preset=\u00bbdefault\u00bb global_colors_info=\u00bb{}\u00bb][et_pb_column type=\u00bb1_2&#8243; _builder_version=\u00bb4.27.4&#8243; _module_preset=\u00bbdefault\u00bb global_colors_info=\u00bb{}\u00bb][et_pb_image src=\u00bbhttps:\/\/upla.cl\/acompanamientoestudiantil\/wp-content\/uploads\/2026\/04\/noticias-02.png\u00bb alt=\u00bbescribenos\u00bb title_text=\u00bbnoticias-02&#8243; _builder_version=\u00bb4.27.6&#8243; _module_preset=\u00bbdefault\u00bb width=\u00bb36%\u00bb width_tablet=\u00bb31%\u00bb width_phone=\u00bb48%\u00bb width_last_edited=\u00bbon|phone\u00bb module_alignment=\u00bbcenter\u00bb global_colors_info=\u00bb{}\u00bb][\/et_pb_image][et_pb_heading title=\u00bbNoticias\u00bb _builder_version=\u00bb4.27.6&#8243; _module_preset=\u00bbdefault\u00bb title_font=\u00bbLato|900|||||||\u00bb title_text_align=\u00bbcenter\u00bb title_text_color=\u00bb#009BDB\u00bb title_font_size=\u00bb81px\u00bb custom_margin=\u00bb-23px||||false|false\u00bb title_font_size_tablet=\u00bb41px\u00bb title_font_size_phone=\u00bb39px\u00bb title_font_size_last_edited=\u00bbon|phone\u00bb global_colors_info=\u00bb{}\u00bb][\/et_pb_heading][\/et_pb_column][et_pb_column type=\u00bb1_2&#8243; _builder_version=\u00bb4.27.4&#8243; _module_preset=\u00bbdefault\u00bb global_colors_info=\u00bb{}\u00bb][et_pb_text _builder_version=\u00bb4.27.6&#8243; _module_preset=\u00bbdefault\u00bb text_font=\u00bbLato||||||||\u00bb text_font_size=\u00bb21px\u00bb text_line_height=\u00bb1.74em\u00bb global_colors_info=\u00bb{}\u00bb]<\/p>\n<p>Te invitamos a conocer las novedades relacionadas con nuestras distintas \u00e1reas de acci\u00f3n, parte del trabajo de acompa\u00f1amiento que realizamos como Universidad tanto con los establecimientos educacionales con los cuales llevamos a efecto nuestra labor de acompa\u00f1amiento, como con las, los y les estudiantes de nuestra casa de estudios.<\/p>\n<p>[\/et_pb_text][\/et_pb_column][\/et_pb_row][\/et_pb_section][et_pb_section fb_built=\u00bb1&#8243; _builder_version=\u00bb4.27.4&#8243; _module_preset=\u00bbdefault\u00bb custom_margin=\u00bb114px|||||\u00bb custom_padding=\u00bb1px|||||\u00bb global_colors_info=\u00bb{}\u00bb][et_pb_row make_equal=\u00bbon\u00bb _builder_version=\u00bb4.27.6&#8243; _module_preset=\u00bbdefault\u00bb width=\u00bb90%\u00bb max_width=\u00bb1920px\u00bb custom_margin=\u00bb-84px|auto||auto||\u00bb global_colors_info=\u00bb{}\u00bb][et_pb_column type=\u00bb4_4&#8243; _builder_version=\u00bb4.27.4&#8243; _module_preset=\u00bbdefault\u00bb global_colors_info=\u00bb{}\u00bb][et_pb_blog fullwidth=\u00bboff\u00bb posts_number=\u00bb6&#8243; include_categories=\u00bball\u00bb meta_date=\u00bbj M Y\u00bb show_more=\u00bbon\u00bb show_author=\u00bboff\u00bb show_categories=\u00bboff\u00bb _builder_version=\u00bb4.27.5&#8243; _module_preset=\u00bbdefault\u00bb header_font=\u00bbLato|900|||||||\u00bb header_text_align=\u00bbleft\u00bb header_text_color=\u00bb#009BDB\u00bb header_line_height=\u00bb1.3em\u00bb body_font=\u00bbLato||||||||\u00bb body_font_size=\u00bb16px\u00bb border_radii=\u00bbon|5%|5%|5%|5%\u00bb border_width_all=\u00bb4px\u00bb border_color_all=\u00bb#009BDB\u00bb global_colors_info=\u00bb{}\u00bb][\/et_pb_blog][\/et_pb_column][\/et_pb_row][\/et_pb_section][et_pb_section fb_built=\u00bb1&#8243; _builder_version=\u00bb4.27.4&#8243; _module_preset=\u00bbdefault\u00bb use_background_color_gradient=\u00bbon\u00bb background_color_gradient_direction=\u00bb33deg\u00bb background_color_gradient_stops=\u00bb#f09433 3%|#e6683c 17%|#dc2743 37%|#dc2743 54%|#cc2366 73%|#bc1888 91%\u00bb global_colors_info=\u00bb{}\u00bb theme_builder_area=\u00bbpost_content\u00bb][et_pb_row _builder_version=\u00bb4.27.4&#8243; _module_preset=\u00bbdefault\u00bb global_colors_info=\u00bb{}\u00bb theme_builder_area=\u00bbpost_content\u00bb][et_pb_column type=\u00bb4_4&#8243; _builder_version=\u00bb4.27.4&#8243; _module_preset=\u00bbdefault\u00bb global_colors_info=\u00bb{}\u00bb theme_builder_area=\u00bbpost_content\u00bb][et_pb_text _builder_version=\u00bb4.27.4&#8243; _module_preset=\u00bbdefault\u00bb text_text_color=\u00bb#009BDB\u00bb text_font_size=\u00bb33px\u00bb header_text_color=\u00bb#FFFFFF\u00bb header_2_font=\u00bbLato|900|||||||\u00bb header_2_text_align=\u00bbcenter\u00bb header_2_text_color=\u00bb#FFFFFF\u00bb header_2_font_size=\u00bb45px\u00bb header_3_font=\u00bbLato|900|||||||\u00bb header_3_text_align=\u00bbcenter\u00bb header_3_text_color=\u00bb#009bdb\u00bb header_3_font_size=\u00bb21px\u00bb background_color=\u00bbRGBA(255,255,255,0)\u00bb custom_padding=\u00bb1.6%|11%|1%|11%|false|true\u00bb header_2_font_last_edited=\u00bboff|desktop\u00bb header_2_font_size_tablet=\u00bb45px\u00bb header_2_font_size_phone=\u00bb45px\u00bb header_2_font_size_last_edited=\u00bbon|desktop\u00bb border_radii=\u00bbon|15px|15px|15px|15px\u00bb border_color_all=\u00bb#009BDB\u00bb global_colors_info=\u00bb{}\u00bb theme_builder_area=\u00bbpost_content\u00bb]<\/p>\n<h2>\u00a1<span>S\u00edguenos en Instagram y ent\u00e9rate de todas las novedades<\/span>!<\/h2>\n<p>[\/et_pb_text][\/et_pb_column][\/et_pb_row][et_pb_row _builder_version=\u00bb4.27.6&#8243; _module_preset=\u00bbdefault\u00bb custom_margin=\u00bb-50px||||false|false\u00bb global_colors_info=\u00bb{}\u00bb theme_builder_area=\u00bbpost_content\u00bb][et_pb_column type=\u00bb4_4&#8243; _builder_version=\u00bb4.27.4&#8243; _module_preset=\u00bbdefault\u00bb global_colors_info=\u00bb{}\u00bb theme_builder_area=\u00bbpost_content\u00bb][sb_instagram_feed feed_id=\u00bb4&#8243; _builder_version=\u00bb4.27.6&#8243; _module_preset=\u00bbdefault\u00bb width=\u00bb100%\u00bb max_width=\u00bb100%\u00bb module_alignment=\u00bbcenter\u00bb global_colors_info=\u00bb{}\u00bb theme_builder_area=\u00bbpost_content\u00bb][\/sb_instagram_feed][\/et_pb_column][\/et_pb_row][\/et_pb_section]<\/p>\n","protected":false},"excerpt":{"rendered":"<p>Te invitamos a conocer las novedades relacionadas con nuestras distintas \u00e1reas de acci\u00f3n, parte del trabajo de acompa\u00f1amiento que realizamos como Universidad tanto con los establecimientos educacionales con los cuales llevamos a efecto nuestra labor de acompa\u00f1amiento, como con las, los y les estudiantes de nuestra casa de estudios.\u00a1S\u00edguenos en Instagram y ent\u00e9rate de todas [&hellip;]<\/p>\n","protected":false},"author":8,"featured_media":0,"parent":0,"menu_order":0,"comment_status":"closed","ping_status":"closed","template":"","meta":{"_et_pb_use_builder":"on","_et_pb_old_content":"","_et_gb_content_width":"","footnotes":""},"class_list":["post-8131","page","type-page","status-publish","hentry"],"_links":{"self":[{"href":"https:\/\/upla.cl\/acompanamientoestudiantil\/wp-json\/wp\/v2\/pages\/8131","targetHints":{"allow":["GET"]}}],"collection":[{"href":"https:\/\/upla.cl\/acompanamientoestudiantil\/wp-json\/wp\/v2\/pages"}],"about":[{"href":"https:\/\/upla.cl\/acompanamientoestudiantil\/wp-json\/wp\/v2\/types\/page"}],"author":[{"embeddable":true,"href":"https:\/\/upla.cl\/acompanamientoestudiantil\/wp-json\/wp\/v2\/users\/8"}],"replies":[{"embeddable":true,"href":"https:\/\/upla.cl\/acompanamientoestudiantil\/wp-json\/wp\/v2\/comments?post=8131"}],"version-history":[{"count":22,"href":"https:\/\/upla.cl\/acompanamientoestudiantil\/wp-json\/wp\/v2\/pages\/8131\/revisions"}],"predecessor-version":[{"id":8412,"href":"https:\/\/upla.cl\/acompanamientoestudiantil\/wp-json\/wp\/v2\/pages\/8131\/revisions\/8412"}],"wp:attachment":[{"href":"https:\/\/upla.cl\/acompanamientoestudiantil\/wp-json\/wp\/v2\/media?parent=8131"}],"curies":[{"name":"wp","href":"https:\/\/api.w.org\/{rel}","templated":true}]}}