{"id":155,"date":"2020-11-06T12:09:18","date_gmt":"2020-11-06T15:09:18","guid":{"rendered":"https:\/\/upla.cl\/canalemocional\/?page_id=155"},"modified":"2023-10-31T11:07:15","modified_gmt":"2023-10-31T14:07:15","slug":"area-3-la-incertidumbre-por-el-futuro-economico","status":"publish","type":"page","link":"https:\/\/upla.cl\/canalemocional\/area-3-la-incertidumbre-por-el-futuro-economico\/","title":{"rendered":"\u00c1rea 3: La incertidumbre por el futuro econ\u00f3mico"},"content":{"rendered":"<p>[et_pb_section fb_built=\u00bb1&#8243; _builder_version=\u00bb4.22.2&#8243; _module_preset=\u00bbdefault\u00bb background_image=\u00bbhttps:\/\/upla.cl\/canalemocional\/wp-content\/uploads\/2023\/10\/concepto-covid-flecha-colorida-scaled.jpg\u00bb custom_margin=\u00bb||||false|false\u00bb custom_padding=\u00bb200px||||false|false\u00bb hover_enabled=\u00bb0&#8243; global_colors_info=\u00bb{}\u00bb theme_builder_area=\u00bbpost_content\u00bb title_text=\u00bbconcepto-covid-flecha-colorida\u00bb sticky_enabled=\u00bb0&#8243; background_position=\u00bbtop_center\u00bb][et_pb_row _builder_version=\u00bb4.21.0&#8243; _module_preset=\u00bbdefault\u00bb custom_margin=\u00bb0px||||false|false\u00bb custom_padding=\u00bb6px||6px||false|false\u00bb border_color_left=\u00bbRGBA(255,255,255,0)\u00bb global_colors_info=\u00bb{}\u00bb theme_builder_area=\u00bbpost_content\u00bb][et_pb_column type=\u00bb4_4&#8243; _builder_version=\u00bb4.21.0&#8243; _module_preset=\u00bbdefault\u00bb border_color_left=\u00bbRGBA(255,255,255,0)\u00bb global_colors_info=\u00bb{}\u00bb theme_builder_area=\u00bbpost_content\u00bb][et_pb_text disabled_on=\u00bboff|off|off\u00bb _builder_version=\u00bb4.22.2&#8243; _module_preset=\u00bbdefault\u00bb text_font=\u00bb|600|||||||\u00bb text_text_color=\u00bb#565656&#8243; text_font_size=\u00bb250%\u00bb text_line_height=\u00bb1.2em\u00bb background_layout=\u00bbdark\u00bb min_height=\u00bb224px\u00bb custom_margin=\u00bb1px||-5px||false|false\u00bb custom_padding=\u00bb|||16px|false|false\u00bb hover_enabled=\u00bb0&#8243; border_width_left=\u00bb2px\u00bb border_color_left=\u00bb#565656&#8243; global_colors_info=\u00bb{}\u00bb theme_builder_area=\u00bbpost_content\u00bb sticky_enabled=\u00bb0&#8243;]<\/p>\n<p>\u00c1rea 3:<br \/>La incertidumbre por el futuro econ\u00f3mico \/<\/p>\n<p>[\/et_pb_text][\/et_pb_column][\/et_pb_row][\/et_pb_section][et_pb_section fb_built=\u00bb1&#8243; admin_label=\u00bbOur Specialties Section\u00bb _builder_version=\u00bb4.16&#8243; custom_padding=\u00bb60px||3px|||\u00bb global_colors_info=\u00bb{}\u00bb][et_pb_row column_structure=\u00bb2_5,3_5&#8243; use_custom_gutter=\u00bbon\u00bb admin_label=\u00bbTitle Area\u00bb _builder_version=\u00bb4.16&#8243; width=\u00bb90%\u00bb max_width=\u00bb2560px\u00bb global_colors_info=\u00bb{}\u00bb][et_pb_column type=\u00bb2_5&#8243; _builder_version=\u00bb4.16&#8243; custom_padding=\u00bb|||\u00bb global_colors_info=\u00bb{}\u00bb custom_padding__hover=\u00bb|||\u00bb][et_pb_text _builder_version=\u00bb4.22.2&#8243; _module_preset=\u00bbdefault\u00bb text_font=\u00bb|600|||||||\u00bb text_text_color=\u00bbRGBA(255,255,255,0)\u00bb header_2_text_align=\u00bbleft\u00bb header_2_text_color=\u00bb#af4e57&#8243; header_3_text_color=\u00bb#af4e57&#8243; custom_padding=\u00bb|||20px|false|false\u00bb hover_enabled=\u00bb0&#8243; global_colors_info=\u00bb{}\u00bb theme_builder_area=\u00bbpost_content\u00bb sticky_enabled=\u00bb0&#8243;]<\/p>\n<h2><strong>Descripci\u00f3n<\/strong> \/\u00a0<\/h2>\n<p>[\/et_pb_text][et_pb_video src=\u00bbhttps:\/\/www.youtube.com\/watch?v=JMLOhrI4Ges\u00bb src_webm=\u00bbhttps:\/\/www.youtube.com\/watch?v=JMLOhrI4Ges\u00bb admin_label=\u00bbHerramientas para afrontar las consecuencias emocionales de la pandemia: \u00c1rea 3: Descripci\u00f3n\u00bb _builder_version=\u00bb4.16&#8243; _module_preset=\u00bbdefault\u00bb global_colors_info=\u00bb{}\u00bb][\/et_pb_video][\/et_pb_column][et_pb_column type=\u00bb3_5&#8243; _builder_version=\u00bb4.16&#8243; custom_padding=\u00bb|||\u00bb global_colors_info=\u00bb{}\u00bb custom_padding__hover=\u00bb|||\u00bb][et_pb_text admin_label=\u00bbSubtitle\u00bb _builder_version=\u00bb4.22.2&#8243; text_font=\u00bb||||||||\u00bb text_text_color=\u00bb#565656&#8243; text_line_height=\u00bb1.6em\u00bb max_width=\u00bb1000px\u00bb module_alignment=\u00bbcenter\u00bb custom_margin=\u00bb|||215px||\u00bb animation_style=\u00bbslide\u00bb animation_direction=\u00bbtop\u00bb animation_intensity_slide=\u00bb20%\u00bb animation_starting_opacity=\u00bb100%\u00bb hover_enabled=\u00bb0&#8243; global_colors_info=\u00bb{}\u00bb sticky_enabled=\u00bb0&#8243;]<\/p>\n<p>La pandemia no solo ha puesto en jaque nuestra salud sino que adem\u00e1s ha tra\u00eddo como consecuencia un duro golpe al bolsillo. La incertidumbre laboral o la p\u00e9rdida de empleo han golpeado fuertemente sobre todo a aquellas personas que tienen a su cargo a otras personas.<\/p>\n<p>La posibilidad de no tener sustento atemoriza porque pone en juego la sobrevivencia propia y de la familia. A su vez, quedar sin trabajo suele influir fuertemente sobre la autoestima. Contar con empleo hace sentir a las personas competentes y \u00fatiles, y por el contrario, no estarlo, suele hacerles sentir incompetentes, desanimadas o incluso deprimidas. Se trata sin duda de una situaci\u00f3n angustiante, m\u00e1s a\u00fan en un pa\u00eds donde el sistema econ\u00f3mico y pol\u00edtico estimula la competencia muy por sobre el apoyo mutuo.<\/p>\n<p>Sin embargo, es importante considerar que al tratarse de un problema directamente relacionado con la pandemia, se espera que una vez que \u00e9sta sea superada la econom\u00eda se reactive y se abran oportunidades de trabajo. Por tanto, es razonable pensar que en poco tiempo m\u00e1s el panorama comenzar\u00e1 a mejorar gradualmente.<\/p>\n<p>Por otra parte, los apoyos gubernamentales y no gubernamentales para afrontar esta crisis constituyen un aliciente. Asimismo, dado que es un problema generalizado, la poblaci\u00f3n est\u00e1 sensible y disponible para ofrecer apoyo.<\/p>\n<p>[\/et_pb_text][\/et_pb_column][\/et_pb_row][et_pb_row _builder_version=\u00bb4.16&#8243; _module_preset=\u00bbdefault\u00bb global_colors_info=\u00bb{}\u00bb][et_pb_column type=\u00bb4_4&#8243; _builder_version=\u00bb4.16&#8243; _module_preset=\u00bbdefault\u00bb global_colors_info=\u00bb{}\u00bb][et_pb_testimonial quote_icon_color=\u00bb#AF4E57&#8243; use_icon_font_size=\u00bbon\u00bb icon_font_size=\u00bb50px\u00bb admin_label=\u00bbCita\u00bb _builder_version=\u00bb4.22.2&#8243; _module_preset=\u00bbdefault\u00bb body_font=\u00bb|600|||||||\u00bb body_text_color=\u00bb#AF4E57&#8243; body_font_size=\u00bb33px\u00bb background_color=\u00bb#ffffff\u00bb text_orientation=\u00bbcenter\u00bb custom_margin=\u00bb50px|||||\u00bb animation_style=\u00bbfade\u00bb hover_enabled=\u00bb0&#8243; global_colors_info=\u00bb{}\u00bb sticky_enabled=\u00bb0&#8243;]<\/p>\n<p>\u00abContar con empleo hace sentir a las personas competentes y \u00fatiles, y por el contrario, no estarlo, suele hacerles sentir incompetentes, desanimadas o incluso deprimidas.\u00bb.<\/p>\n<p>[\/et_pb_testimonial][\/et_pb_column][\/et_pb_row][\/et_pb_section][et_pb_section fb_built=\u00bb1&#8243; admin_label=\u00bbOur Specialties Section\u00bb _builder_version=\u00bb4.16&#8243; custom_padding=\u00bb60px||3px|||\u00bb global_colors_info=\u00bb{}\u00bb][et_pb_row column_structure=\u00bb2_5,3_5&#8243; use_custom_gutter=\u00bbon\u00bb admin_label=\u00bbTitle Area\u00bb _builder_version=\u00bb4.16&#8243; width=\u00bb90%\u00bb max_width=\u00bb2560px\u00bb global_colors_info=\u00bb{}\u00bb][et_pb_column type=\u00bb2_5&#8243; _builder_version=\u00bb4.16&#8243; custom_padding=\u00bb|||\u00bb global_colors_info=\u00bb{}\u00bb custom_padding__hover=\u00bb|||\u00bb][et_pb_text _builder_version=\u00bb4.22.2&#8243; _module_preset=\u00bbdefault\u00bb text_font=\u00bb|600|||||||\u00bb text_text_color=\u00bbRGBA(255,255,255,0)\u00bb header_2_text_align=\u00bbleft\u00bb header_2_text_color=\u00bb#af4e57&#8243; header_3_text_color=\u00bb#af4e57&#8243; custom_padding=\u00bb|||20px|false|false\u00bb hover_enabled=\u00bb0&#8243; global_colors_info=\u00bb{}\u00bb theme_builder_area=\u00bbpost_content\u00bb sticky_enabled=\u00bb0&#8243;]<\/p>\n<h2><strong>Consecuencias<\/strong> \/<\/h2>\n<p>[\/et_pb_text][et_pb_video src=\u00bbhttps:\/\/www.youtube.com\/watch?v=zLH6yupWnkU\u00bb src_webm=\u00bbhttps:\/\/www.youtube.com\/watch?v=zLH6yupWnkU\u00bb admin_label=\u00bbHerramientas para afrontar las consecuencias emocionales de la pandemia: \u00c1rea 3: Consecuencias\u00bb _builder_version=\u00bb4.16&#8243; _module_preset=\u00bbdefault\u00bb global_colors_info=\u00bb{}\u00bb][\/et_pb_video][\/et_pb_column][et_pb_column type=\u00bb3_5&#8243; _builder_version=\u00bb4.16&#8243; custom_padding=\u00bb|||\u00bb global_colors_info=\u00bb{}\u00bb custom_padding__hover=\u00bb|||\u00bb][et_pb_text _builder_version=\u00bb4.22.2&#8243; _module_preset=\u00bbdefault\u00bb text_font=\u00bb|600|||||||\u00bb text_text_color=\u00bbRGBA(255,255,255,0)\u00bb header_2_text_align=\u00bbleft\u00bb header_2_text_color=\u00bb#af4e57&#8243; header_3_text_color=\u00bb#af4e57&#8243; custom_padding=\u00bb|||20px|false|false\u00bb hover_enabled=\u00bb0&#8243; global_colors_info=\u00bb{}\u00bb theme_builder_area=\u00bbpost_content\u00bb sticky_enabled=\u00bb0&#8243;]<\/p>\n<h2><strong>\u00bfQu\u00e9 puedo hacer?<\/strong> \/<\/h2>\n<p>[\/et_pb_text][et_pb_text admin_label=\u00bbSubtitle\u00bb _builder_version=\u00bb4.22.2&#8243; text_font=\u00bb||||||||\u00bb text_text_color=\u00bb#565656&#8243; text_line_height=\u00bb1.6em\u00bb max_width=\u00bb1000px\u00bb module_alignment=\u00bbcenter\u00bb custom_margin=\u00bb|||215px||\u00bb animation_style=\u00bbslide\u00bb animation_direction=\u00bbtop\u00bb animation_intensity_slide=\u00bb20%\u00bb animation_starting_opacity=\u00bb100%\u00bb hover_enabled=\u00bb0&#8243; global_colors_info=\u00bb{}\u00bb sticky_enabled=\u00bb0&#8243;]<\/p>\n<p>En primer lugar, es importante no desanimarse m\u00e1s de la cuenta y cultivar la fuerza de voluntad aun cuando el \u00e1nimo decaiga.<\/p>\n<p>En segundo lugar, es muy com\u00fan que las personas se a\u00edslen al perder el empleo lo cual evidentemente termina agravando el problema. Piense que lo m\u00e1s importante para recibir ayuda u obtener un empleo es que los dem\u00e1s sepan de su situaci\u00f3n.<\/p>\n<p>Movil\u00edcese en busca de ayuda. P\u00f3ngase en contacto v\u00eda tel\u00e9fono o correo electr\u00f3nico con sus contactos, incluso si durante el \u00faltimo tiempo se ha alejado de ellos. Tambi\u00e9n, contacte instituciones que ofrecen ayuda (pe., municipalidad, junta de vecinos, Ong\u2019s, otros). Ofrezca sus servicios, elabore o mejore su curr\u00edculum y env\u00edelo a la mayor parte de lugares posibles. Prop\u00f3ngase metas de este tipo, genere un plan de acci\u00f3n y vaya cumpli\u00e9ndolo semanalmente. Y en la medida que vaya avanzando prop\u00f3ngase nuevas metas.<\/p>\n<p>Es importante estar alerta ante s\u00edntomas depresivos, como \u00e1nimo muy bajo, incapacidad de sentir placer por las cosas, alteraciones importantes en el dormir y en la alimentaci\u00f3n, irritabilidad, entre otros. En dicho caso, es importante recurrir a un profesional (psic\u00f3logo cl\u00ednico o psiquiatra) puesto que existen tratamientos de alta efectividad para este cuadro. Uno de los principales obst\u00e1culos para salir de un estado depresivo es justamente no buscar ayuda debido a que no se tiene \u00e1nimo para hacerlo.<\/p>\n<p>[\/et_pb_text][\/et_pb_column][\/et_pb_row][et_pb_row column_structure=\u00bb2_5,3_5&#8243; use_custom_gutter=\u00bbon\u00bb admin_label=\u00bbTitle Area\u00bb _builder_version=\u00bb4.16&#8243; width=\u00bb90%\u00bb max_width=\u00bb2560px\u00bb global_colors_info=\u00bb{}\u00bb][et_pb_column type=\u00bb2_5&#8243; _builder_version=\u00bb4.16&#8243; custom_padding=\u00bb|||\u00bb global_colors_info=\u00bb{}\u00bb custom_padding__hover=\u00bb|||\u00bb][et_pb_text _builder_version=\u00bb4.22.2&#8243; _module_preset=\u00bbdefault\u00bb text_font=\u00bb|600|||||||\u00bb text_text_color=\u00bbRGBA(255,255,255,0)\u00bb header_2_text_align=\u00bbleft\u00bb header_2_text_color=\u00bb#af4e57&#8243; header_3_text_color=\u00bb#af4e57&#8243; custom_padding=\u00bb|||20px|false|false\u00bb hover_enabled=\u00bb0&#8243; global_colors_info=\u00bb{}\u00bb theme_builder_area=\u00bbpost_content\u00bb sticky_enabled=\u00bb0&#8243;]<\/p>\n<h2><strong>\u00bfC\u00f3mo afecta esta situaci\u00f3n a los ni\u00f1os y a las ni\u00f1as?<\/strong> \/<\/h2>\n<p>[\/et_pb_text][\/et_pb_column][et_pb_column type=\u00bb3_5&#8243; _builder_version=\u00bb4.16&#8243; custom_padding=\u00bb|||\u00bb global_colors_info=\u00bb{}\u00bb custom_padding__hover=\u00bb|||\u00bb][et_pb_text admin_label=\u00bbSubtitle\u00bb _builder_version=\u00bb4.22.2&#8243; text_font=\u00bb||||||||\u00bb text_text_color=\u00bb#565656&#8243; text_line_height=\u00bb1.6em\u00bb max_width=\u00bb1000px\u00bb module_alignment=\u00bbcenter\u00bb custom_margin=\u00bb|||215px||\u00bb animation_style=\u00bbslide\u00bb animation_direction=\u00bbtop\u00bb animation_intensity_slide=\u00bb20%\u00bb animation_starting_opacity=\u00bb100%\u00bb hover_enabled=\u00bb0&#8243; global_colors_info=\u00bb{}\u00bb sticky_enabled=\u00bb0&#8243;]<\/p>\n<p>Es muy frecuente que con el fin de evitar que los ni\u00f1os puedan sentirse afectados por este tipo de situaciones, los adultos intenten ocultarles lo que est\u00e1 ocurriendo. Sin embargo, dicha estrategia suele fallar puesto que los ni\u00f1os captan con facilidad lo que ocurre en su hogar.<\/p>\n<p>Muchas veces ellos notan generalmente de manera no consciente cuando los adultos est\u00e1n en problemas y, por lo tanto, pueden llegar a sentirse nerviosos y atemorizados sin que necesariamente \u201csepan\u201d los motivos de por qu\u00e9 se sienten as\u00ed, todo lo cual termina tensionando a\u00fan m\u00e1s la atm\u00f3sfera familiar. Por tanto, como se\u00f1ala el dicho, en situaciones como \u00e9stas \u201cel remedio puede ser peor que la enfermedad\u201d.<\/p>\n<p>[\/et_pb_text][\/et_pb_column][\/et_pb_row][\/et_pb_section][et_pb_section fb_built=\u00bb1&#8243; _builder_version=\u00bb4.16&#8243; _module_preset=\u00bbdefault\u00bb global_colors_info=\u00bb{}\u00bb][et_pb_row column_structure=\u00bb2_5,3_5&#8243; use_custom_gutter=\u00bbon\u00bb admin_label=\u00bbTitle Area\u00bb _builder_version=\u00bb4.16&#8243; width=\u00bb90%\u00bb max_width=\u00bb2560px\u00bb global_colors_info=\u00bb{}\u00bb][et_pb_column type=\u00bb2_5&#8243; _builder_version=\u00bb4.16&#8243; custom_padding=\u00bb|||\u00bb global_colors_info=\u00bb{}\u00bb custom_padding__hover=\u00bb|||\u00bb][et_pb_text _builder_version=\u00bb4.22.2&#8243; _module_preset=\u00bbdefault\u00bb text_font=\u00bb|600|||||||\u00bb text_text_color=\u00bbRGBA(255,255,255,0)\u00bb header_2_text_align=\u00bbleft\u00bb header_2_text_color=\u00bb#af4e57&#8243; header_3_text_color=\u00bb#af4e57&#8243; custom_padding=\u00bb|||20px|false|false\u00bb hover_enabled=\u00bb0&#8243; global_colors_info=\u00bb{}\u00bb theme_builder_area=\u00bbpost_content\u00bb sticky_enabled=\u00bb0&#8243;]<\/p>\n<h2><strong>Orientaciones<\/strong> \/<\/h2>\n<p>[\/et_pb_text][et_pb_video src=\u00bbhttps:\/\/www.youtube.com\/watch?v=m5PPY3kDCzE\u00bb src_webm=\u00bbhttps:\/\/www.youtube.com\/watch?v=m5PPY3kDCzE\u00bb admin_label=\u00bbHerramientas para afrontar las consecuencias emocionales de la pandemia: \u00c1rea 3: Orientaciones\u00bb _builder_version=\u00bb4.16&#8243; _module_preset=\u00bbdefault\u00bb global_colors_info=\u00bb{}\u00bb][\/et_pb_video][\/et_pb_column][et_pb_column type=\u00bb3_5&#8243; _builder_version=\u00bb4.16&#8243; custom_padding=\u00bb|||\u00bb global_colors_info=\u00bb{}\u00bb custom_padding__hover=\u00bb|||\u00bb][et_pb_text _builder_version=\u00bb4.22.2&#8243; _module_preset=\u00bbdefault\u00bb text_font=\u00bb|600|||||||\u00bb text_text_color=\u00bbRGBA(255,255,255,0)\u00bb header_2_text_align=\u00bbleft\u00bb header_2_text_color=\u00bb#af4e57&#8243; header_3_text_color=\u00bb#af4e57&#8243; custom_padding=\u00bb|||20px|false|false\u00bb hover_enabled=\u00bb0&#8243; global_colors_info=\u00bb{}\u00bb theme_builder_area=\u00bbpost_content\u00bb sticky_enabled=\u00bb0&#8243;]<\/p>\n<h2><strong>\u00bfQu\u00e9 podemos hacer por las ni\u00f1as y los ni\u00f1os?<\/strong> \/<\/h2>\n<p>[\/et_pb_text][et_pb_blurb use_icon=\u00bbon\u00bb font_icon=\u00bb&#xe00a;||divi||400&#8243; icon_color=\u00bb#AF4E57&#8243; icon_placement=\u00bbleft\u00bb image_icon_width=\u00bb40px\u00bb content_max_width=\u00bb820px\u00bb _builder_version=\u00bb4.22.2&#8243; _module_preset=\u00bbdefault\u00bb body_font=\u00bb||||||||\u00bb hover_enabled=\u00bb0&#8243; icon_font_size=\u00bb60px\u00bb global_colors_info=\u00bb{}\u00bb sticky_enabled=\u00bb0&#8243;]<\/p>\n<p>Por regla general, la vida familiar es un espacio en que las personas comparten no solo sus satisfacciones, proyectos e ilusiones sino que tambi\u00e9n las diversas dificultades, encontrando o construyendo junto a los dem\u00e1s los recursos necesarios para hacerles frente a \u00e9stas. La familia en s\u00ed misma es una fuente de resiliencia en la medida de que existe una comunicaci\u00f3n sana y abierta.<\/p>\n<p>[\/et_pb_blurb][et_pb_blurb use_icon=\u00bbon\u00bb font_icon=\u00bb&#x76;||divi||400&#8243; icon_color=\u00bb#AF4E57&#8243; icon_placement=\u00bbleft\u00bb image_icon_width=\u00bb40px\u00bb content_max_width=\u00bb820px\u00bb _builder_version=\u00bb4.22.2&#8243; _module_preset=\u00bbdefault\u00bb body_font=\u00bb||||||||\u00bb hover_enabled=\u00bb0&#8243; icon_font_size=\u00bb60px\u00bb global_colors_info=\u00bb{}\u00bb sticky_enabled=\u00bb0&#8243;]<\/p>\n<p>No es una buena idea intentar hacer de la familia una burbuja que a\u00edsle a sus integrantes de los rigores de la vida. Por el contrario, es deseable que ante los problemas que hemos mencionado los adultos expliquen con palabras sencillas a los m\u00e1s peque\u00f1os la situaci\u00f3n por las que se est\u00e1 atravesando.<\/p>\n<p>[\/et_pb_blurb][et_pb_blurb use_icon=\u00bbon\u00bb font_icon=\u00bb&#xe60f;||divi||400&#8243; icon_color=\u00bb#AF4E57&#8243; icon_placement=\u00bbleft\u00bb image_icon_width=\u00bb40px\u00bb content_max_width=\u00bb820px\u00bb _builder_version=\u00bb4.22.2&#8243; _module_preset=\u00bbdefault\u00bb body_font=\u00bb||||||||\u00bb hover_enabled=\u00bb0&#8243; icon_font_size=\u00bb60px\u00bb global_colors_info=\u00bb{}\u00bb sticky_enabled=\u00bb0&#8243;]<\/p>\n<p>Es recomendable entregar un mensaje esperanzador inform\u00e1ndoles tambi\u00e9n de manera simple el plan que se tiene para superar las dificultades. Se sugiere adem\u00e1s que dicho mensaje valorice el hecho de estar juntos y sanos en estos momentos.<\/p>\n<p>[\/et_pb_blurb][\/et_pb_column][\/et_pb_row][\/et_pb_section]<\/p>\n","protected":false},"excerpt":{"rendered":"<p>\u00c1rea 3:La incertidumbre por el futuro econ\u00f3mico \/Descripci\u00f3n \/\u00a0La pandemia no solo ha puesto en jaque nuestra salud sino que adem\u00e1s ha tra\u00eddo como consecuencia un duro golpe al bolsillo. La incertidumbre laboral o la p\u00e9rdida de empleo han golpeado fuertemente sobre todo a aquellas personas que tienen a su cargo a otras personas. La [&hellip;]<\/p>\n","protected":false},"author":1,"featured_media":38,"parent":0,"menu_order":0,"comment_status":"closed","ping_status":"closed","template":"","meta":{"_et_pb_use_builder":"on","_et_pb_old_content":"","_et_gb_content_width":"","footnotes":""},"class_list":["post-155","page","type-page","status-publish","has-post-thumbnail","hentry"],"_links":{"self":[{"href":"https:\/\/upla.cl\/canalemocional\/wp-json\/wp\/v2\/pages\/155","targetHints":{"allow":["GET"]}}],"collection":[{"href":"https:\/\/upla.cl\/canalemocional\/wp-json\/wp\/v2\/pages"}],"about":[{"href":"https:\/\/upla.cl\/canalemocional\/wp-json\/wp\/v2\/types\/page"}],"author":[{"embeddable":true,"href":"https:\/\/upla.cl\/canalemocional\/wp-json\/wp\/v2\/users\/1"}],"replies":[{"embeddable":true,"href":"https:\/\/upla.cl\/canalemocional\/wp-json\/wp\/v2\/comments?post=155"}],"version-history":[{"count":4,"href":"https:\/\/upla.cl\/canalemocional\/wp-json\/wp\/v2\/pages\/155\/revisions"}],"predecessor-version":[{"id":828,"href":"https:\/\/upla.cl\/canalemocional\/wp-json\/wp\/v2\/pages\/155\/revisions\/828"}],"wp:featuredmedia":[{"embeddable":true,"href":"https:\/\/upla.cl\/canalemocional\/wp-json\/wp\/v2\/media\/38"}],"wp:attachment":[{"href":"https:\/\/upla.cl\/canalemocional\/wp-json\/wp\/v2\/media?parent=155"}],"curies":[{"name":"wp","href":"https:\/\/api.w.org\/{rel}","templated":true}]}}