{"id":51077,"date":"2013-07-03T15:22:29","date_gmt":"2013-07-03T19:22:29","guid":{"rendered":"http:\/\/www.upla.cl\/noticias\/?page_id=51077"},"modified":"2025-01-08T12:16:00","modified_gmt":"2025-01-08T15:16:00","slug":"contactanos","status":"publish","type":"page","link":"https:\/\/upla.cl\/noticias\/contactanos\/","title":{"rendered":"Cont\u00e1ctanos"},"content":{"rendered":"<h3>Redes y medios sociales<\/h3>\n<table style=\"width: 100%; border-collapse: collapse;\">\n<tbody>\n<tr>\n<td style=\"width: 50%;\"><a href=\"https:\/\/www.facebook.com\/uplacomunica\" target=\"_blank\" rel=\"noopener\"><img loading=\"lazy\" decoding=\"async\" class=\"alignleft wp-image-53860 size-full\" title=\"Facebook UPLAComunica\" src=\"https:\/\/www.upla.cl\/noticias\/wp-content\/uploads\/2013\/08\/2013_0306_banner_facebook.png\" alt=\"Facebook UPLAComunica\" width=\"220\" height=\"48\" \/><\/a><\/td>\n<td style=\"width: 50%;\"><a href=\"https:\/\/twitter.com\/upla_comunica\" target=\"_blank\" rel=\"noopener noreferrer\"><img loading=\"lazy\" decoding=\"async\" class=\"wp-image-182093 size-full alignleft\" title=\"Twitter upla_comunica\" src=\"https:\/\/www.upla.cl\/noticias\/wp-content\/uploads\/2025\/01\/siguenosenx.jpg\" alt=\"S\u00edguenos en X\" width=\"220\" height=\"52\" srcset=\"https:\/\/upla.cl\/noticias\/wp-content\/uploads\/2025\/01\/siguenosenx.jpg 220w, https:\/\/upla.cl\/noticias\/wp-content\/uploads\/2025\/01\/siguenosenx-150x35.jpg 150w\" sizes=\"auto, (max-width: 220px) 100vw, 220px\" \/><\/a><\/td>\n<\/tr>\n<tr>\n<td style=\"width: 50%;\"><a href=\"http:\/\/www.youtube.com\/user\/comunicacionesupla\" target=\"_blank\" rel=\"noopener\"><img loading=\"lazy\" decoding=\"async\" class=\"alignleft size-full wp-image-53897\" src=\"https:\/\/www.upla.cl\/noticias\/wp-content\/uploads\/2013\/08\/2013_0808_youtube.png\" alt=\"\" width=\"220\" height=\"50\" \/><\/a><\/td>\n<td style=\"width: 50%;\"><a href=\"mailto:comunicaciones@upla.cl\"><img loading=\"lazy\" decoding=\"async\" class=\"alignleft wp-image-53899 size-full\" title=\"Correo electr\u00f3nico UPLA\" src=\"https:\/\/www.upla.cl\/noticias\/wp-content\/uploads\/2013\/08\/2013_0808_correo.png\" alt=\"Correo electr\u00f3nico UPLA\" width=\"220\" height=\"50\" \/><\/a><\/td>\n<\/tr>\n<\/tbody>\n<\/table>\n<h3>Encu\u00e9ntranos<\/h3>\n<table style=\"width: 100%; border-collapse: collapse;\" border=\"0\">\n<tbody>\n<tr>\n<td style=\"width: 50%;\">Nuestras oficinas est\u00e1n ubicadas a un costado del Aula Magna, en la Casa Central de la UPLA (Avenida Playa Ancha 850, Valpara\u00edso)<\/td>\n<td style=\"width: 50%;\"><iframe loading=\"lazy\" style=\"border: 0;\" src=\"https:\/\/www.google.com\/maps\/embed?pb=!1m18!1m12!1m3!1d3345.207373357771!2d-71.64274594970367!3d-33.02466668080429!2m3!1f0!2f0!3f0!3m2!1i1024!2i768!4f13.1!3m3!1m2!1s0x9689e6c652de701d%3A0x1c6891fdd7b481be!2sUniversidad+de+Playa+Ancha%2C+valparaiso!5e0!3m2!1ses!2scl!4v1541720993938\" width=\"600\" height=\"450\" frameborder=\"0\" allowfullscreen=\"allowfullscreen\"><\/iframe><\/td>\n<\/tr>\n<\/tbody>\n<\/table>\n<h3>Equipo<\/h3>\n<h4>Director General de Comunicaciones<\/h4>\n<p>Danilo Ahumada Flores<br \/>\nCorreo electr\u00f3nico: <a title=\"pablo.ramos@upla.cl\" href=\"mailto:danilo.ahumada@upla.cl\">danilo.ahumada@upla.cl<\/a><br \/>\nTel\u00e9fono: <a title=\"+56 32 2205114\" href=\"tel:+56322205114\">+56 32 2205114<\/a><\/p>\n<h4>Secretaria<\/h4>\n<p>Alejandra V\u00e1squez Cantillano<br \/>\nCorreo electr\u00f3nico: <a title=\"pablo.ramos@upla.cl\" href=\"mailto:avasquez@upla.cl\">avasquez@upla.cl<\/a><br \/>\nTel\u00e9fono: <a title=\"+56 32 2205114\" href=\"tel:+56322205114\">+56 32 2205114<\/a><\/p>\n<h4>\u00c1rea Informativa<\/h4>\n<table style=\"width: 100%; border-collapse: collapse;\" border=\"0\">\n<tbody>\n<tr>\n<td style=\"width: 33.333333333333336%;\"><strong>Periodistas<\/strong><\/td>\n<td style=\"width: 33.333333333333336%;\"><strong>Correo electr\u00f3nico<\/strong><\/td>\n<td style=\"width: 33.333333333333336%;\"><strong>Tel\u00e9fonos<\/strong><\/td>\n<\/tr>\n<tr>\n<td style=\"width: 33.333333333333336%;\">Marcia Franque Kesternich<\/td>\n<td style=\"width: 33.333333333333336%;\"><a title=\"marcia.franque@upla.cl\" href=\"mailto:marcia.franque@upla.cl\">marcia.franque@upla.cl<\/a><\/td>\n<td style=\"width: 33.333333333333336%;\"><a title=\"+56 32 2205192\" href=\"tel:+56322205192\">+56 32 2205192<\/a><\/td>\n<\/tr>\n<tr>\n<td style=\"width: 33.333333333333336%;\">Ana Carolina Silva Guerrero<\/td>\n<td style=\"width: 33.333333333333336%;\"><a title=\"carolina.silva@upla.cl\" href=\"mailto:carolina.silva@upla.cl\">carolina.silva@upla.cl<\/a><\/td>\n<td style=\"width: 33.333333333333336%;\"><a title=\"+56 32 220203\" href=\"tel:+5632220203\">+56 32 2205203<\/a><\/td>\n<\/tr>\n<tr>\n<td style=\"width: 33.333333333333336%;\">Ingrid Tapia Lehmann<\/td>\n<td style=\"width: 33.333333333333336%;\"><a title=\"itapia@upla.cl\" href=\"mailto:itapia@upla.cl\">itapia@upla.cl<\/a><\/td>\n<td style=\"width: 33.333333333333336%;\"><a title=\"+56 32 2205203\" href=\"tel:+56322205203\">+56 32 2205203<\/a><\/td>\n<\/tr>\n<tr>\n<td style=\"width: 33.3333%;\">Mar\u00eda Ang\u00e9lica P\u00e9rez Escobar<\/td>\n<td style=\"width: 33.3333%;\"><a href=\"mailto:angelica.perez@upla.cl\">angelica.perez@upla.cl<\/a><\/td>\n<td style=\"width: 33.3333%;\"><a title=\"+56 32 2205203\" href=\"tel:+56322205203\">+56 32 2205203<\/a><\/td>\n<\/tr>\n<tr>\n<td style=\"width: 33.3333%;\">Carmen Amanda Jara Far\u00edas<\/td>\n<td style=\"width: 33.3333%;\"><a href=\"mailto:carmen.jara@upla.cl\">carmen.jara@upla.cl<\/a><\/td>\n<td style=\"width: 33.3333%;\"><a title=\"+56 32 2205192\" href=\"tel:+56322205943\">+56 32 2205943<\/a><\/td>\n<\/tr>\n<\/tbody>\n<\/table>\n<h4>Redes Sociales<\/h4>\n<p>Viviana Toro Fa\u00fandez<br \/>\nCorreo electr\u00f3nico: <a title=\"viviana.toro@upla.cl\" href=\"mailto:viviana.toro@upla.cl\">viviana.toro@upla.cl<\/a><br \/>\nTel\u00e9fono: <a title=\"+56 32 2205114\" href=\"tel:+56322205192\">+56 32 2205192<\/a><\/p>\n<h4>Realizaci\u00f3n Audiovisual<\/h4>\n<p>Pedro Pavez Molina<br \/>\nCorreo electr\u00f3nico: <a title=\"viviana.toro@upla.cl\" href=\"mailto:pedro.pavez@upla.cl\">pedro.pavez@upla.cl<\/a><br \/>\nTel\u00e9fono: <a title=\"+56 32 2205114\" href=\"tel:+56322205192\">+56 32 2205192<\/a><\/p>\n<h4>Equipo de Dise\u00f1o Gr\u00e1fico<\/h4>\n<p>Cristian Cabrera Pardo<br \/>\nCorreo electr\u00f3nico: <a title=\"pablo.ramos@upla.cl\" href=\"mailto:cristian.cabrera@upla.cl\">cristian.cabrera@upla.cl<\/a><br \/>\nTel\u00e9fono: <a title=\"+56 32 2205215\" href=\"tel:+56322205215\" target=\"_blank\" rel=\"noopener\">+56 32 2205215<\/a><\/p>\n<p>Ricardo Delgado Vivanco<br \/>\nCorreo electr\u00f3nico: <a title=\"ricardo.delgado@upla.cl\" href=\"mailto:ricardo.delgado@upla.cl\">ricardo.delgado@upla.cl<\/a><br \/>\nTel\u00e9fono: <a title=\"+56 32 2205215\" href=\"tel:+56322205215\" target=\"_blank\" rel=\"noopener\">+56 32 2205215<\/a><\/p>\n<h4>Coordinaci\u00f3n de Ceremonial y Protocolo<\/h4>\n<table style=\"width: 100%; border-collapse: collapse;\" border=\"0\">\n<tbody>\n<tr>\n<td style=\"width: 33.333333333333336%;\"><strong>Equipo<\/strong><\/td>\n<td style=\"width: 33.333333333333336%;\"><strong>Correo electr\u00f3nico<\/strong><\/td>\n<td style=\"width: 33.333333333333336%;\"><strong>Tel\u00e9fonos<\/strong><\/td>\n<\/tr>\n<tr>\n<td style=\"width: 33.333333333333336%;\">Rodrigo P\u00e9rez Cheuquenao<\/td>\n<td style=\"width: 33.333333333333336%;\"><a title=\"marcia.franque@upla.cl\" href=\"mailto:rodrigo.perez@upla.cl\">rodrigo.perez@upla.cl<\/a><\/td>\n<td style=\"width: 33.333333333333336%;\"><a title=\"+56 32 2205192\" href=\"tel:+56322205943\">+56 32 2205943<\/a><\/td>\n<\/tr>\n<tr>\n<td style=\"width: 33.333333333333336%;\">Alejandro Torres Johansen<\/td>\n<td style=\"width: 33.333333333333336%;\"><a title=\"angelica.perez@upla.cl\" href=\"mailto:alejandro.torres@upla.cl\">alejandro.torres@upla.cl<\/a><\/td>\n<td style=\"width: 33.333333333333336%;\"><a title=\"+56 32 2205192\" href=\"tel:+56322205943\">+56 32 2205943<\/a><\/td>\n<\/tr>\n<tr>\n<td style=\"width: 33.333333333333336%;\">Alejandra V\u00e1squez Cantillano<\/td>\n<td style=\"width: 33.333333333333336%;\"><a title=\"itapia@upla.cl\" href=\"mailto:avasquez@upla.cl\">avasquez@upla.cl<\/a><\/td>\n<td style=\"width: 33.333333333333336%;\"><a title=\"+56 32 2205114\" href=\"tel:+56322205114\">+56 32 2205114<\/a><\/td>\n<\/tr>\n<\/tbody>\n<\/table>\n<h4>Peri\u00f3dico UPLA, An\u00e1lisis y Comunicaci\u00f3n Estrat\u00e9gica<\/h4>\n<p>Osvaldo Campos Herrera<br \/>\nCorreo electr\u00f3nico: <a title=\"pablo.ramos@upla.cl\" href=\"mailto:osvaldo.campos@upla.cl\">osvaldo.campos@upla.cl<\/a><br \/>\nTel\u00e9fono: <a title=\"+56 32 2205192\" href=\"tel:+56322205943\">+56 32 2205943<\/a><\/p>\n<h4>Gesti\u00f3n de Contenidos Web<\/h4>\n<p>Humberto Enrique Zapata Olivares<br \/>\nCorreo electr\u00f3nico: <a title=\"pablo.ramos@upla.cl\" href=\"mailto:humberto.zapata@upla.cl\">humberto.zapata@upla.cl<\/a><br \/>\nTel\u00e9fono: <a title=\"+56 32 2205114\" href=\"tel:+56322205943\">+56 32 2205912<\/a><\/p>\n<h4>Dise\u00f1o Web<\/h4>\n<p>Elisabeth Mu\u00f1oz Lobos<br \/>\nCorreo electr\u00f3nico: <a title=\"pablo.ramos@upla.cl\" href=\"mailto:elisabeth.munoz@upla.cl\">elisabeth.munoz@upla.cl<\/a><br \/>\nTel\u00e9fono: <a title=\"+56 32 2205114\" href=\"tel:+56322205912\">+56 32 2205912<\/a><\/p>\n<h4>Gesti\u00f3n de Contenidos Web<\/h4>\n<p>Carmen Amanda Jara Far\u00edas<br \/>\nCorreo electr\u00f3nico: <a title=\"pablo.ramos@upla.cl\" href=\"mailto:elisabeth.munoz@upla.cl\">carmen.jara@upla.cl<\/a><br \/>\nTel\u00e9fono: <a title=\"+56 32 2205114\" href=\"tel:+56322205912\">+56 32 2205912<\/a><\/p>\n","protected":false},"excerpt":{"rendered":"<p>Redes y medios sociales Encu\u00e9ntranos Nuestras oficinas est\u00e1n ubicadas a un costado del Aula Magna, en la Casa Central de la UPLA (Avenida Playa Ancha 850, Valpara\u00edso) Equipo Director General de Comunicaciones Danilo Ahumada Flores Correo electr\u00f3nico: danilo.ahumada@upla.cl Tel\u00e9fono: +56 32 2205114 Secretaria Alejandra V\u00e1squez Cantillano Correo electr\u00f3nico: avasquez@upla.cl Tel\u00e9fono: +56 32 2205114 \u00c1rea Informativa &hellip;<\/p>\n","protected":false},"author":6,"featured_media":61524,"parent":0,"menu_order":11,"comment_status":"closed","ping_status":"closed","template":"","meta":{"footnotes":""},"class_list":["post-51077","page","type-page","status-publish","has-post-thumbnail",""],"_links":{"self":[{"href":"https:\/\/upla.cl\/noticias\/wp-json\/wp\/v2\/pages\/51077","targetHints":{"allow":["GET"]}}],"collection":[{"href":"https:\/\/upla.cl\/noticias\/wp-json\/wp\/v2\/pages"}],"about":[{"href":"https:\/\/upla.cl\/noticias\/wp-json\/wp\/v2\/types\/page"}],"author":[{"embeddable":true,"href":"https:\/\/upla.cl\/noticias\/wp-json\/wp\/v2\/users\/6"}],"replies":[{"embeddable":true,"href":"https:\/\/upla.cl\/noticias\/wp-json\/wp\/v2\/comments?post=51077"}],"version-history":[{"count":0,"href":"https:\/\/upla.cl\/noticias\/wp-json\/wp\/v2\/pages\/51077\/revisions"}],"wp:featuredmedia":[{"embeddable":true,"href":"https:\/\/upla.cl\/noticias\/wp-json\/wp\/v2\/media\/61524"}],"wp:attachment":[{"href":"https:\/\/upla.cl\/noticias\/wp-json\/wp\/v2\/media?parent=51077"}],"curies":[{"name":"wp","href":"https:\/\/api.w.org\/{rel}","templated":true}]}}