{"id":124991,"date":"2025-10-01T15:26:10","date_gmt":"2025-10-01T18:26:10","guid":{"rendered":"https:\/\/upla.cl\/senado\/?page_id=124991"},"modified":"2025-11-14T08:56:25","modified_gmt":"2025-11-14T11:56:25","slug":"comisiones","status":"publish","type":"page","link":"https:\/\/upla.cl\/senado\/acerca-del-senado\/comisiones\/","title":{"rendered":"Comisiones"},"content":{"rendered":"<p>[et_pb_section fb_built=\u00bb1&#8243; fullwidth=\u00bbon\u00bb next_background_color=\u00bb#efefef\u00bb admin_label=\u00bbSecci\u00f3n\u00bb _builder_version=\u00bb4.27.4&#8243; background_color=\u00bbRGBA(255,255,255,0)\u00bb background_image=\u00bbhttps:\/\/upla.cl\/senado\/wp-content\/uploads\/2025\/09\/20250923_casa-central-interior.jpg\u00bb background_position=\u00bbbottom_center\u00bb background_blend=\u00bbmultiply\u00bb min_height=\u00bb20vw\u00bb custom_padding=\u00bb0px|0px|110px|0px|false|false\u00bb bottom_divider_style=\u00bbramp2&#8243; bottom_divider_flip=\u00bbvertical\u00bb global_colors_info=\u00bb{}\u00bb][et_pb_fullwidth_post_title meta=\u00bboff\u00bb featured_image=\u00bboff\u00bb text_color=\u00bblight\u00bb _builder_version=\u00bb4.27.4&#8243; title_font=\u00bb&#8211;et_global_heading_font|700|||||||\u00bb title_font_size=\u00bb3em\u00bb background_size=\u00bbinitial\u00bb background_position=\u00bbtop_left\u00bb background_repeat=\u00bbrepeat\u00bb global_colors_info=\u00bb{}\u00bb][\/et_pb_fullwidth_post_title][\/et_pb_section][et_pb_section fb_built=\u00bb1&#8243; specialty=\u00bbon\u00bb admin_label=\u00bbTimeline\u00bb module_id=\u00bbpermanentes\u00bb _builder_version=\u00bb4.27.4&#8243; background_color=\u00bb#efefef\u00bb global_colors_info=\u00bb{}\u00bb][et_pb_column type=\u00bb1_3&#8243; _builder_version=\u00bb4.16&#8243; custom_padding=\u00bb|||\u00bb global_colors_info=\u00bb{}\u00bb custom_padding__hover=\u00bb|||\u00bb][et_pb_text _builder_version=\u00bb4.27.4&#8243; text_font=\u00bb|600|||||||\u00bb text_line_height=\u00bb1.8em\u00bb header_2_font=\u00bb&#8211;et_global_body_font|600|||||||\u00bb header_2_text_color=\u00bb#565656&#8243; header_2_font_size=\u00bb28px\u00bb header_3_text_color=\u00bb#009FE3&#8243; header_4_font=\u00bb&#8211;et_global_body_font||||||||\u00bb header_4_text_color=\u00bb#004562&#8243; header_4_font_size=\u00bb20px\u00bb header_4_line_height=\u00bb1.4em\u00bb header_2_font_size_tablet=\u00bb60px\u00bb header_2_font_size_phone=\u00bb35px\u00bb header_2_font_size_last_edited=\u00bbon|phone\u00bb header_4_font_size_tablet=\u00bb20px\u00bb header_4_font_size_phone=\u00bb14px\u00bb header_4_font_size_last_edited=\u00bbon|phone\u00bb locked=\u00bboff\u00bb global_colors_info=\u00bb{}\u00bb]<\/p>\n<h3>Comisiones<\/h3>\n<h2>\/ Permanentes<\/h2>\n<p>[\/et_pb_text][\/et_pb_column][et_pb_column type=\u00bb2_3&#8243; specialty_columns=\u00bb2&#8243; _builder_version=\u00bb4.16&#8243; custom_padding=\u00bb|||\u00bb global_colors_info=\u00bb{}\u00bb custom_padding__hover=\u00bb|||\u00bb][et_pb_row_inner _builder_version=\u00bb4.27.4&#8243; custom_padding=\u00bb|||30px|false|false\u00bb border_color_all=\u00bb#e94558&#8243; border_width_left=\u00bb2px\u00bb border_color_left=\u00bb#009FE3&#8243; global_colors_info=\u00bb{}\u00bb][et_pb_column_inner saved_specialty_column_type=\u00bb2_3&#8243; _builder_version=\u00bb4.16&#8243; global_colors_info=\u00bb{}\u00bb][et_pb_blurb title=\u00bbDesarrollo Institucional y Aseguramiento de la Calidad \u00bb use_icon=\u00bbon\u00bb font_icon=\u00bb&#x5e;||divi||400&#8243; icon_color=\u00bb#009FE3&#8243; icon_placement=\u00bbleft\u00bb image_icon_width=\u00bb40px\u00bb content_max_width=\u00bb100%\u00bb _builder_version=\u00bb4.27.4&#8243; header_font=\u00bb&#8211;et_global_body_font|700|||||||\u00bb header_text_color=\u00bb#009FE3&#8243; header_font_size=\u00bb20px\u00bb header_line_height=\u00bb1.4em\u00bb body_font=\u00bb&#8211;et_global_body_font|600|||||||\u00bb body_text_align=\u00bbleft\u00bb body_text_color=\u00bb#565656&#8243; custom_margin=\u00bb|||-51px|false|false\u00bb body_font_size_tablet=\u00bb18px\u00bb body_font_size_phone=\u00bb16px\u00bb body_font_size_last_edited=\u00bbon|phone\u00bb icon_font_size=\u00bb40px\u00bb locked=\u00bboff\u00bb global_colors_info=\u00bb{}\u00bb]<\/p>\n<p>Presidenta: Paula Magn\u00e8re \u00c1valos<\/p>\n<p>Secretaria: Fabiola Vera Madrid<\/p>\n<p>[\/et_pb_blurb][et_pb_toggle title=\u00bbIntegrantes\u00bb open_toggle_text_color=\u00bb#009FE3&#8243; open_toggle_background_color=\u00bbRGBA(255,255,255,0)\u00bb closed_toggle_background_color=\u00bbRGBA(255,255,255,0)\u00bb icon_color=\u00bb#009FE3&#8243; open_icon_color=\u00bb#009FE3&#8243; _builder_version=\u00bb4.27.4&#8243; _module_preset=\u00bbdefault\u00bb title_text_color=\u00bb#009FE3&#8243; title_font=\u00bb&#8211;et_global_body_font|600|||||||\u00bb border_radii=\u00bbon|15px|15px|15px|15px\u00bb border_color_all=\u00bb#009FE3&#8243; border_style_all=\u00bboutset\u00bb global_colors_info=\u00bb{}\u00bb]<\/p>\n<p>&gt; Sandra Gallardo Navarrete<br \/>&gt; Valentina Rojas Past\u00e9n<br \/>&gt; Fabiana Rodr\u00edguez-Pastene Vicencio<br \/>&gt; Luis Espinoza Brito<br \/>&gt; Francisco B\u00e1ez Urbina<br \/>&gt; Ivette Castro Riquelme<br \/>&gt; Ver\u00f3nica Meza Ram\u00edrez<br \/>&gt; Maximiliano Concha Abarca<br \/>&gt;Paula Magn\u00e8re \u00c1valos<br \/>&gt; Fabiola Vera Madrid<\/p>\n<p>[\/et_pb_toggle][\/et_pb_column_inner][\/et_pb_row_inner][et_pb_row_inner _builder_version=\u00bb4.27.4&#8243; custom_padding=\u00bb|||30px|false|false\u00bb border_color_all=\u00bb#e94558&#8243; border_width_left=\u00bb2px\u00bb border_color_left=\u00bb#009FE3&#8243; global_colors_info=\u00bb{}\u00bb][et_pb_column_inner saved_specialty_column_type=\u00bb2_3&#8243; _builder_version=\u00bb4.16&#8243; global_colors_info=\u00bb{}\u00bb][et_pb_blurb title=\u00bbGesti\u00f3n Institucional y Organizacional \u00bb use_icon=\u00bbon\u00bb font_icon=\u00bb&#x5e;||divi||400&#8243; icon_color=\u00bb#009FE3&#8243; icon_placement=\u00bbleft\u00bb image_icon_width=\u00bb40px\u00bb content_max_width=\u00bb100%\u00bb _builder_version=\u00bb4.27.4&#8243; header_font=\u00bb&#8211;et_global_body_font|700|||||||\u00bb header_text_color=\u00bb#009FE3&#8243; header_font_size=\u00bb20px\u00bb header_line_height=\u00bb1.4em\u00bb body_font=\u00bb&#8211;et_global_body_font|600|||||||\u00bb body_text_align=\u00bbleft\u00bb body_text_color=\u00bb#565656&#8243; custom_margin=\u00bb|||-51px|false|false\u00bb hover_enabled=\u00bb0&#8243; body_font_size_tablet=\u00bb18px\u00bb body_font_size_phone=\u00bb16px\u00bb body_font_size_last_edited=\u00bbon|phone\u00bb icon_font_size=\u00bb40px\u00bb locked=\u00bboff\u00bb global_colors_info=\u00bb{}\u00bb sticky_enabled=\u00bb0&#8243;]<\/p>\n<p>Presidenta: Fabiola Vera Madrid<\/p>\n<p>Secretario: Cristi\u00e1n Aranguiz Salazar<\/p>\n<p>[\/et_pb_blurb][et_pb_toggle title=\u00bbIntegrantes\u00bb open_toggle_text_color=\u00bb#009FE3&#8243; open_toggle_background_color=\u00bbRGBA(255,255,255,0)\u00bb closed_toggle_background_color=\u00bbRGBA(255,255,255,0)\u00bb icon_color=\u00bb#009FE3&#8243; open_icon_color=\u00bb#009FE3&#8243; _builder_version=\u00bb4.27.4&#8243; _module_preset=\u00bbdefault\u00bb title_text_color=\u00bb#009FE3&#8243; title_font=\u00bb&#8211;et_global_body_font|600|||||||\u00bb hover_enabled=\u00bb0&#8243; border_radii=\u00bbon|15px|15px|15px|15px\u00bb border_color_all=\u00bb#009FE3&#8243; border_style_all=\u00bboutset\u00bb global_colors_info=\u00bb{}\u00bb sticky_enabled=\u00bb0&#8243;]<\/p>\n<p>&gt; Ivette Castro Riquelme<br \/>&gt; Luis Espinoza Brito<br \/>&gt; Francisco B\u00e1ez Urbina<br \/>&gt; Mar\u00eda Ang\u00e9lica P\u00e9rez Escobar<br \/>&gt; Cristian Carvajal Muquillaza<br \/>&gt; Patricio Ib\u00e1\u00f1ez Le\u00f3n<br \/>&gt; Valeria Castillo Ruz<br \/>&gt; Carlos Gonz\u00e1lez Morales<br \/>&gt; Fabiana Rodr\u00edguez-Pastene Vicencio<br \/>&gt; Paula Magn\u00e8re Avalos<br \/>&gt; Maximiliano Concha Abarca<br \/>&gt; Maite Henr\u00edquez Pizarro<br \/>&gt; Fabiola Vera Madrid<br \/>&gt; Cristi\u00e1n Aranguiz Salazar<\/p>\n<p>[\/et_pb_toggle][\/et_pb_column_inner][\/et_pb_row_inner][et_pb_row_inner _builder_version=\u00bb4.27.4&#8243; custom_padding=\u00bb|||30px|false|false\u00bb border_color_all=\u00bb#e94558&#8243; border_width_left=\u00bb2px\u00bb border_color_left=\u00bb#009FE3&#8243; global_colors_info=\u00bb{}\u00bb][et_pb_column_inner saved_specialty_column_type=\u00bb2_3&#8243; _builder_version=\u00bb4.16&#8243; global_colors_info=\u00bb{}\u00bb][et_pb_blurb title=\u00bbDocencia Universitaria: Programas de pregrado y postgrado\u00bb use_icon=\u00bbon\u00bb font_icon=\u00bb&#x5e;||divi||400&#8243; icon_color=\u00bb#009FE3&#8243; icon_placement=\u00bbleft\u00bb image_icon_width=\u00bb40px\u00bb content_max_width=\u00bb100%\u00bb _builder_version=\u00bb4.27.4&#8243; header_font=\u00bb&#8211;et_global_body_font|700|||||||\u00bb header_text_color=\u00bb#009FE3&#8243; header_font_size=\u00bb20px\u00bb header_line_height=\u00bb1.4em\u00bb body_font=\u00bb&#8211;et_global_body_font|600|||||||\u00bb body_text_align=\u00bbleft\u00bb body_text_color=\u00bb#565656&#8243; custom_margin=\u00bb|||-51px|false|false\u00bb body_font_size_tablet=\u00bb18px\u00bb body_font_size_phone=\u00bb16px\u00bb body_font_size_last_edited=\u00bbon|phone\u00bb icon_font_size=\u00bb40px\u00bb locked=\u00bboff\u00bb global_colors_info=\u00bb{}\u00bb]<\/p>\n<p>Presidenta: Ver\u00f3nica Past\u00e9n Valenzuela<\/p>\n<p>Secretario: Cristi\u00e1n Carvajal Muquillaza<\/p>\n<p>[\/et_pb_blurb][et_pb_toggle title=\u00bbIntegrantes\u00bb open_toggle_text_color=\u00bb#009FE3&#8243; open_toggle_background_color=\u00bbRGBA(255,255,255,0)\u00bb closed_toggle_background_color=\u00bbRGBA(255,255,255,0)\u00bb icon_color=\u00bb#009FE3&#8243; open_icon_color=\u00bb#009FE3&#8243; _builder_version=\u00bb4.27.4&#8243; _module_preset=\u00bbdefault\u00bb title_text_color=\u00bb#009FE3&#8243; title_font=\u00bb&#8211;et_global_body_font|600|||||||\u00bb border_radii=\u00bbon|15px|15px|15px|15px\u00bb border_color_all=\u00bb#009FE3&#8243; border_style_all=\u00bboutset\u00bb global_colors_info=\u00bb{}\u00bb]<\/p>\n<p>&gt; Ver\u00f3nica Past\u00e9n Valenzuela (Presidenta Comisi\u00f3n)<br \/>&gt; Cristian Carvajal Muquillaza (Secretario Comisi\u00f3n)<br \/>&gt; J\u00e9ssica Alfaro \u00c1lvarez<br \/>&gt; Cristi\u00e1n Ar\u00e1nguiz Salazar<br \/>&gt; Auristela Hormaz\u00e1bal Soto<br \/>&gt; Silvio Bahamondes Galdames<br \/>&gt; Maritza Farlora Zapata<br \/>&gt; Paulina Zavala Olivares<br \/>&gt; Boris Valdenegro Egozcue<br \/>&gt; Antonia Martel Guerra<br \/>&gt; Eugenia Ram\u00edrez Tapia<\/p>\n<p><strong>Invitados permanentes<\/strong><br \/>&gt; Loredana Dur\u00e1n Montero (Representante AFA)<br \/>&gt; Jorge Antinopai Rodr\u00edguez (Representante AFUP-NM)<\/p>\n<p>[\/et_pb_toggle][\/et_pb_column_inner][\/et_pb_row_inner][et_pb_row_inner _builder_version=\u00bb4.27.4&#8243; custom_padding=\u00bb|||30px|false|false\u00bb border_color_all=\u00bb#e94558&#8243; border_width_left=\u00bb2px\u00bb border_color_left=\u00bb#009FE3&#8243; global_colors_info=\u00bb{}\u00bb][et_pb_column_inner saved_specialty_column_type=\u00bb2_3&#8243; _builder_version=\u00bb4.16&#8243; global_colors_info=\u00bb{}\u00bb][et_pb_blurb title=\u00bbInvestigaci\u00f3n, Creaci\u00f3n Art\u00edstica, Innovaci\u00f3n y Vinculaci\u00f3n con el Medio\u00bb use_icon=\u00bbon\u00bb font_icon=\u00bb&#x5e;||divi||400&#8243; icon_color=\u00bb#009FE3&#8243; icon_placement=\u00bbleft\u00bb image_icon_width=\u00bb40px\u00bb content_max_width=\u00bb100%\u00bb _builder_version=\u00bb4.27.4&#8243; header_font=\u00bb&#8211;et_global_body_font|700|||||||\u00bb header_text_color=\u00bb#009FE3&#8243; header_font_size=\u00bb20px\u00bb header_line_height=\u00bb1.4em\u00bb body_font=\u00bb&#8211;et_global_body_font|600|||||||\u00bb body_text_align=\u00bbleft\u00bb body_text_color=\u00bb#565656&#8243; custom_margin=\u00bb|||-51px|false|false\u00bb body_font_size_tablet=\u00bb18px\u00bb body_font_size_phone=\u00bb16px\u00bb body_font_size_last_edited=\u00bbon|phone\u00bb icon_font_size=\u00bb40px\u00bb locked=\u00bboff\u00bb global_colors_info=\u00bb{}\u00bb]<\/p>\n<p>Presidente: Braulio Rojas Castro <\/p>\n<p>Secretaria: Macarena Trujillo Cristoffanini <\/p>\n<p>[\/et_pb_blurb][et_pb_toggle title=\u00bbIntegrantes\u00bb open_toggle_text_color=\u00bb#009FE3&#8243; open_toggle_background_color=\u00bbRGBA(255,255,255,0)\u00bb closed_toggle_background_color=\u00bbRGBA(255,255,255,0)\u00bb icon_color=\u00bb#009FE3&#8243; open_icon_color=\u00bb#009FE3&#8243; _builder_version=\u00bb4.27.4&#8243; _module_preset=\u00bbdefault\u00bb title_text_color=\u00bb#009FE3&#8243; title_font=\u00bb&#8211;et_global_body_font|600|||||||\u00bb border_radii=\u00bbon|15px|15px|15px|15px\u00bb border_color_all=\u00bb#009FE3&#8243; border_style_all=\u00bboutset\u00bb global_colors_info=\u00bb{}\u00bb]&gt; Marisol Belmonte Soto<br \/>\n&gt; Boris Valdenegro Egozcue<br \/>\n&gt; Violeta Acu\u00f1a Collado<br \/>\n&gt; J\u00e9ssica Alfaro \u00c1lvarez<br \/>\n&gt; Sandra Gallardo Navarrete<br \/>\n&gt; Alberto Teichelmann Shuttleton<br \/>\n&gt; Carolina Brown Vega<br \/>\n&gt; Mar\u00eda de los \u00c1ngeles Miranda Bustamante<br \/>\n&gt; Ivonne Fuentes Rom\u00e1n (AFA)<br \/>\n&gt; Braulio Rojas Castro<br \/>\n&gt; Macarena Trujillo Cristoffanini[\/et_pb_toggle][\/et_pb_column_inner][\/et_pb_row_inner][et_pb_row_inner _builder_version=\u00bb4.27.4&#8243; custom_padding=\u00bb|||30px|false|false\u00bb border_color_all=\u00bb#e94558&#8243; border_width_left=\u00bb2px\u00bb border_color_left=\u00bb#009FE3&#8243; global_colors_info=\u00bb{}\u00bb][et_pb_column_inner saved_specialty_column_type=\u00bb2_3&#8243; _builder_version=\u00bb4.16&#8243; global_colors_info=\u00bb{}\u00bb][et_pb_blurb title=\u00bbCarrera Funcionaria y Evaluaci\u00f3n del Personal\u00bb use_icon=\u00bbon\u00bb font_icon=\u00bb&#x5e;||divi||400&#8243; icon_color=\u00bb#009FE3&#8243; icon_placement=\u00bbleft\u00bb image_icon_width=\u00bb40px\u00bb content_max_width=\u00bb100%\u00bb _builder_version=\u00bb4.27.4&#8243; header_font=\u00bb&#8211;et_global_body_font|700|||||||\u00bb header_text_color=\u00bb#009FE3&#8243; header_font_size=\u00bb20px\u00bb header_line_height=\u00bb1.4em\u00bb body_font=\u00bb&#8211;et_global_body_font|600|||||||\u00bb body_text_align=\u00bbleft\u00bb body_text_color=\u00bb#565656&#8243; custom_margin=\u00bb|||-51px|false|false\u00bb body_font_size_tablet=\u00bb18px\u00bb body_font_size_phone=\u00bb16px\u00bb body_font_size_last_edited=\u00bbon|phone\u00bb icon_font_size=\u00bb40px\u00bb locked=\u00bboff\u00bb global_colors_info=\u00bb{}\u00bb]Presidenta: Mar\u00eda Ang\u00e9lica P\u00e9rez Escobar<\/p>\n<p>Secretaria: Mar\u00eda de los \u00c1ngeles Miranda Bustamante [\/et_pb_blurb][et_pb_toggle title=\u00bbIntegrantes\u00bb open_toggle_text_color=\u00bb#009FE3&#8243; open_toggle_background_color=\u00bbRGBA(255,255,255,0)\u00bb closed_toggle_background_color=\u00bbRGBA(255,255,255,0)\u00bb icon_color=\u00bb#009FE3&#8243; open_icon_color=\u00bb#009FE3&#8243; _builder_version=\u00bb4.27.4&#8243; _module_preset=\u00bbdefault\u00bb title_text_color=\u00bb#009FE3&#8243; title_font=\u00bb&#8211;et_global_body_font|600|||||||\u00bb border_radii=\u00bbon|15px|15px|15px|15px\u00bb border_color_all=\u00bb#009FE3&#8243; border_style_all=\u00bboutset\u00bb global_colors_info=\u00bb{}\u00bb]<\/p>\n<p>&gt; Mar\u00eda Ang\u00e9lica P\u00e9rez Escobar (Presidenta Comisi\u00f3n)<br \/>&gt; Mar\u00eda de los \u00c1ngeles Miranda Bustamante (Secretaria Comisi\u00f3n)<br \/>&gt; Silvio Bahamondes Galdames<br \/>&gt; Carolina Brown Vega<br \/>&gt; Eugenia Ram\u00edrez Tapia<br \/>&gt; Ver\u00f3nica Meza Ram\u00edrez<\/p>\n<p><strong>Invitados permanentes<\/strong><br \/>&gt; Grasse Pavez Martin (Representante AFA)<br \/>&gt; Jorge Antinopai Rodr\u00edguez (Representante AFUP-NM)<br \/>&gt; Representante AFUPLA<\/p>\n<p>[\/et_pb_toggle][\/et_pb_column_inner][\/et_pb_row_inner][\/et_pb_column][\/et_pb_section][et_pb_section fb_built=\u00bb1&#8243; specialty=\u00bbon\u00bb admin_label=\u00bbTimeline\u00bb module_id=\u00bbtransitorias\u00bb _builder_version=\u00bb4.27.4&#8243; background_color=\u00bb#FFFFFF\u00bb global_colors_info=\u00bb{}\u00bb][et_pb_column type=\u00bb1_3&#8243; _builder_version=\u00bb4.16&#8243; custom_padding=\u00bb|||\u00bb global_colors_info=\u00bb{}\u00bb custom_padding__hover=\u00bb|||\u00bb][et_pb_text _builder_version=\u00bb4.27.4&#8243; text_font=\u00bb|600|||||||\u00bb text_line_height=\u00bb1.8em\u00bb header_2_font=\u00bb&#8211;et_global_body_font|600|||||||\u00bb header_2_text_color=\u00bb#565656&#8243; header_2_font_size=\u00bb28px\u00bb header_3_text_color=\u00bb#009FE3&#8243; header_4_font=\u00bb&#8211;et_global_body_font||||||||\u00bb header_4_text_color=\u00bb#004562&#8243; header_4_font_size=\u00bb20px\u00bb header_4_line_height=\u00bb1.4em\u00bb header_2_font_size_tablet=\u00bb60px\u00bb header_2_font_size_phone=\u00bb35px\u00bb header_2_font_size_last_edited=\u00bbon|phone\u00bb header_4_font_size_tablet=\u00bb20px\u00bb header_4_font_size_phone=\u00bb14px\u00bb header_4_font_size_last_edited=\u00bbon|phone\u00bb locked=\u00bboff\u00bb global_colors_info=\u00bb{}\u00bb]<\/p>\n<h3>Comisiones<\/h3>\n<h2>\/ Transitorias<\/h2>\n<p>[\/et_pb_text][\/et_pb_column][et_pb_column type=\u00bb2_3&#8243; specialty_columns=\u00bb2&#8243; _builder_version=\u00bb4.16&#8243; custom_padding=\u00bb|||\u00bb global_colors_info=\u00bb{}\u00bb custom_padding__hover=\u00bb|||\u00bb][et_pb_row_inner _builder_version=\u00bb4.27.4&#8243; custom_padding=\u00bb|||30px|false|false\u00bb border_color_all=\u00bb#e94558&#8243; border_width_left=\u00bb2px\u00bb border_color_left=\u00bb#009FE3&#8243; global_colors_info=\u00bb{}\u00bb][et_pb_column_inner saved_specialty_column_type=\u00bb2_3&#8243; _builder_version=\u00bb4.16&#8243; global_colors_info=\u00bb{}\u00bb][et_pb_blurb title=\u00bbReglamentos de Elecciones\u00bb use_icon=\u00bbon\u00bb font_icon=\u00bb&#x5e;||divi||400&#8243; icon_color=\u00bb#009FE3&#8243; icon_placement=\u00bbleft\u00bb image_icon_width=\u00bb40px\u00bb content_max_width=\u00bb100%\u00bb _builder_version=\u00bb4.27.4&#8243; header_font=\u00bb&#8211;et_global_body_font|700|||||||\u00bb header_text_color=\u00bb#009FE3&#8243; header_font_size=\u00bb20px\u00bb header_line_height=\u00bb1.4em\u00bb body_font=\u00bb&#8211;et_global_body_font|600|||||||\u00bb body_text_align=\u00bbleft\u00bb body_text_color=\u00bb#565656&#8243; custom_margin=\u00bb|||-51px|false|false\u00bb body_font_size_tablet=\u00bb18px\u00bb body_font_size_phone=\u00bb16px\u00bb body_font_size_last_edited=\u00bbon|phone\u00bb icon_font_size=\u00bb40px\u00bb locked=\u00bboff\u00bb global_colors_info=\u00bb{}\u00bb]<\/p>\n<p>Presidente: Cristian Carvajal Muquillaza<\/p>\n<p>Secretario: Patricio Ib\u00e1\u00f1ez Le\u00f3n<\/p>\n<p>[\/et_pb_blurb][et_pb_toggle title=\u00bbIntegrantes\u00bb open_toggle_text_color=\u00bb#009FE3&#8243; open_toggle_background_color=\u00bbRGBA(255,255,255,0)\u00bb closed_toggle_background_color=\u00bbRGBA(255,255,255,0)\u00bb icon_color=\u00bb#009FE3&#8243; open_icon_color=\u00bb#009FE3&#8243; _builder_version=\u00bb4.27.4&#8243; _module_preset=\u00bbdefault\u00bb title_text_color=\u00bb#009FE3&#8243; title_font=\u00bb&#8211;et_global_body_font|600|||||||\u00bb border_radii=\u00bbon|15px|15px|15px|15px\u00bb border_color_all=\u00bb#009FE3&#8243; border_style_all=\u00bboutset\u00bb global_colors_info=\u00bb{}\u00bb]&gt; Paula Magn\u00e8re Avalos<br \/>\n&gt; Fabiola Vera Madrid<br \/>\n&gt; Paulina Zavala Olivares<br \/>\n&gt; Jessica Alfaro \u00c1lvarez<br \/>\n&gt; Ivette Castro Riquelme<br \/>\n&gt; Carlos Gonz\u00e1lez Morales<br \/>\n&gt; Luis Espinoza Brito<br \/>\n&gt; Valeria Castillo Ruz<br \/>\n&gt; Mar\u00eda Soledad Hochstetter (invitada permanente)<br \/>\n&gt; Ivonne Fuentes Rom\u00e1n (AFA)<br \/>\n&gt; Cristian Carvajal Muquillaza<br \/>\n&gt; Patricio Ib\u00e1\u00f1ez Le\u00f3n[\/et_pb_toggle][\/et_pb_column_inner][\/et_pb_row_inner][\/et_pb_column][\/et_pb_section]<\/p>\n","protected":false},"excerpt":{"rendered":"<p>Comisiones \/ PermanentesPresidenta: Paula Magn\u00e8re \u00c1valos Secretaria: Fabiola Vera Madrid&gt; Sandra Gallardo Navarrete&gt; Valentina Rojas Past\u00e9n&gt; Fabiana Rodr\u00edguez-Pastene Vicencio&gt; Luis Espinoza Brito&gt; Francisco B\u00e1ez Urbina&gt; Ivette Castro Riquelme&gt; Ver\u00f3nica Meza Ram\u00edrez&gt; Maximiliano Concha Abarca&gt;Paula Magn\u00e8re \u00c1valos&gt; Fabiola Vera MadridPresidenta: Fabiola Vera Madrid Secretario: Cristi\u00e1n Aranguiz Salazar&gt; Ivette Castro Riquelme&gt; Luis Espinoza Brito&gt; Francisco B\u00e1ez Urbina&gt; [&hellip;]<\/p>\n","protected":false},"author":3,"featured_media":0,"parent":124964,"menu_order":0,"comment_status":"closed","ping_status":"closed","template":"","meta":{"_et_pb_use_builder":"on","_et_pb_old_content":"","_et_gb_content_width":"","footnotes":""},"class_list":["post-124991","page","type-page","status-publish","hentry"],"_links":{"self":[{"href":"https:\/\/upla.cl\/senado\/wp-json\/wp\/v2\/pages\/124991","targetHints":{"allow":["GET"]}}],"collection":[{"href":"https:\/\/upla.cl\/senado\/wp-json\/wp\/v2\/pages"}],"about":[{"href":"https:\/\/upla.cl\/senado\/wp-json\/wp\/v2\/types\/page"}],"author":[{"embeddable":true,"href":"https:\/\/upla.cl\/senado\/wp-json\/wp\/v2\/users\/3"}],"replies":[{"embeddable":true,"href":"https:\/\/upla.cl\/senado\/wp-json\/wp\/v2\/comments?post=124991"}],"version-history":[{"count":0,"href":"https:\/\/upla.cl\/senado\/wp-json\/wp\/v2\/pages\/124991\/revisions"}],"up":[{"embeddable":true,"href":"https:\/\/upla.cl\/senado\/wp-json\/wp\/v2\/pages\/124964"}],"wp:attachment":[{"href":"https:\/\/upla.cl\/senado\/wp-json\/wp\/v2\/media?parent=124991"}],"curies":[{"name":"wp","href":"https:\/\/api.w.org\/{rel}","templated":true}]}}