{"id":150,"date":"2020-12-15T03:40:20","date_gmt":"2020-12-15T06:40:20","guid":{"rendered":"https:\/\/upla.cl\/vicerrectoriaacademica\/?page_id=150"},"modified":"2025-05-19T16:14:41","modified_gmt":"2025-05-19T20:14:41","slug":"direccion-general-de-pregrado","status":"publish","type":"page","link":"https:\/\/upla.cl\/vicerrectoriaacademica\/direccion-general-de-pregrado\/","title":{"rendered":"Direcci\u00f3n General de Pregrado"},"content":{"rendered":"<p>[et_pb_section fb_built=\u00bb1&#8243; fullwidth=\u00bbon\u00bb _builder_version=\u00bb4.7.5&#8243; _module_preset=\u00bbdefault\u00bb][et_pb_fullwidth_slider _builder_version=\u00bb4.7.5&#8243; _module_preset=\u00bbdefault\u00bb hover_enabled=\u00bb0&#8243; sticky_enabled=\u00bb0&#8243;][et_pb_slide heading=\u00bbDirecci\u00f3n General de Pregrado\u00bb _builder_version=\u00bb4.7.5&#8243; _module_preset=\u00bbdefault\u00bb background_enable_color=\u00bboff\u00bb background_image=\u00bbhttps:\/\/upla.cl\/vicerrectoriaacademica\/wp-content\/uploads\/2020\/12\/15-2.png\u00bb background_enable_image=\u00bbon\u00bb hover_enabled=\u00bb0&#8243; sticky_transition=\u00bbon\u00bb title_text=\u00bb15&#8243; sticky_enabled=\u00bb0&#8243;][\/et_pb_slide][\/et_pb_fullwidth_slider][\/et_pb_section][et_pb_section fb_built=\u00bb1&#8243; _builder_version=\u00bb4.7.5&#8243; _module_preset=\u00bbdefault\u00bb][et_pb_row column_structure=\u00bb1_2,1_2&#8243; _builder_version=\u00bb4.7.5&#8243; _module_preset=\u00bbdefault\u00bb][et_pb_column type=\u00bb1_2&#8243; _builder_version=\u00bb4.7.5&#8243; _module_preset=\u00bbdefault\u00bb][et_pb_image src=\u00bbhttps:\/\/upla.cl\/vicerrectoriaacademica\/wp-content\/uploads\/2020\/12\/15-2.png\u00bb title_text=\u00bb15&#8243; _builder_version=\u00bb4.7.5&#8243; _module_preset=\u00bbdefault\u00bb][\/et_pb_image][\/et_pb_column][et_pb_column type=\u00bb1_2&#8243; _builder_version=\u00bb4.7.5&#8243; _module_preset=\u00bbdefault\u00bb][et_pb_text _builder_version=\u00bb4.7.5&#8243; _module_preset=\u00bbdefault\u00bb header_2_text_color=\u00bb#0c71c3&#8243;]<\/p>\n<h2>Relaci\u00f3n directa con estudiantes y acad\u00e9micos\/as<br \/>\n<\/h2>\n<p>La Direcci\u00f3n General de Pregrado tiene como objetivo asesorar a la Vicerrector\u00eda Acad\u00e9mica en materias acad\u00e9micas y ejecutivas que dicen relaci\u00f3n con la funci\u00f3n y actividad docente de la universidad en materia de pregrado.<br \/>\nPara cumplir con este rol, algunas de sus funciones son: dise\u00f1ar, implementar y evaluar estrategias tendientes al mejoramiento de la calidad de la docencia de pregrado; definir, proponer, actualizar y velar por el adecuado cumplimiento de los reglamentos que regulan la funci\u00f3n docente de pregrado; realizar un seguimiento a la programaci\u00f3n acad\u00e9mica anual de cada carrera de pregrado por facultad; as\u00ed como monitorear cada uno de los proyectos institucionales que tienen objetivos correspondientes a la Vicerrector\u00eda Acad\u00e9mica y mantener una comunicaci\u00f3n fluida con las redes de Pregrado del CRUCH y del CUECH.[\/et_pb_text][\/et_pb_column][\/et_pb_row][\/et_pb_section]<\/p>\n","protected":false},"excerpt":{"rendered":"<p>Relaci\u00f3n directa con estudiantes y acad\u00e9micos\/as La Direcci\u00f3n General de Pregrado tiene como objetivo asesorar a la Vicerrector\u00eda Acad\u00e9mica en materias acad\u00e9micas y ejecutivas que dicen relaci\u00f3n con la funci\u00f3n y actividad docente de la universidad en materia de pregrado. Para cumplir con este rol, algunas de sus funciones son: dise\u00f1ar, implementar y evaluar estrategias [&hellip;]<\/p>\n","protected":false},"author":2,"featured_media":0,"parent":0,"menu_order":0,"comment_status":"closed","ping_status":"closed","template":"","meta":{"_et_pb_use_builder":"on","_et_pb_old_content":"[vc_row type=\"full_width_content\" full_screen_row_position=\"middle\" column_margin=\"default\" equal_height=\"yes\" content_placement=\"middle\" column_direction=\"default\" column_direction_tablet=\"default\" column_direction_phone=\"default\" bg_color=\"#ffffff\" scene_position=\"center\" text_color=\"dark\" text_align=\"left\" row_border_radius=\"none\" row_border_radius_applies=\"bg\" overlay_strength=\"0.3\" gradient_direction=\"left_to_right\" shape_divider_position=\"bottom\" bg_image_animation=\"none\"][vc_column column_padding=\"padding-10-percent\" column_padding_tablet=\"inherit\" column_padding_phone=\"inherit\" column_padding_position=\"all\" background_color=\"#f4f4f4\" background_color_opacity=\"1\" background_hover_color_opacity=\"1\" column_shadow=\"none\" column_border_radius=\"none\" column_link_target=\"_self\" gradient_direction=\"left_to_right\" overlay_strength=\"0.3\" width=\"1\/2\" tablet_width_inherit=\"default\" tablet_text_alignment=\"default\" phone_text_alignment=\"default\" column_border_width=\"none\" column_border_style=\"solid\" bg_image_animation=\"none\"][vc_row_inner column_margin=\"default\" column_direction=\"default\" column_direction_tablet=\"default\" column_direction_phone=\"default\" text_align=\"left\"][vc_column_inner column_padding=\"no-extra-padding\" column_padding_tablet=\"inherit\" column_padding_phone=\"inherit\" column_padding_position=\"all\" background_color_opacity=\"1\" background_hover_color_opacity=\"1\" column_shadow=\"none\" column_border_radius=\"none\" column_link_target=\"_self\" gradient_direction=\"left_to_right\" overlay_strength=\"0.3\" width=\"1\/1\" tablet_width_inherit=\"default\" column_border_width=\"none\" column_border_style=\"solid\" bg_image_animation=\"none\" enable_animation=\"true\" animation=\"fade-in-from-bottom\"][vc_custom_heading text=\"Vicerrector\u00eda Acad\u00e9mica\" font_container=\"tag:h6|text_align:left|color:%23bfbfbf\" use_theme_fonts=\"yes\" css=\".vc_custom_1627326114440{margin-bottom: 10px !important;}\"][vc_custom_heading text=\"Direcci\u00f3n General de Pregrado\" font_container=\"tag:h2|font_size:40|text_align:left|line_height:50px\" use_theme_fonts=\"yes\"][divider line_type=\"No Line\" custom_height=\"30px\"][vc_column_text css_animation=\"flipInX\"]<span style=\"color: #003366;\"><b><span style=\"font-size: 10pt;\">Relaci\u00f3n directa con estudiantes y acad\u00e9micos\/as<\/span><\/b><\/span>\r\n\r\n<span id=\"m_8721935777864559846gmail-docs-internal-guid-b12b46d0-7fff-de76-860e-cf219449ed38\">La Direcci\u00f3n General de Pregrado tiene como objetivo asesorar a la Vicerrector\u00eda Acad\u00e9mica en materias acad\u00e9micas y ejecutivas que dicen relaci\u00f3n con la funci\u00f3n y actividad docente de la universidad en materia de pregrado. <\/span>\r\n\r\nPara cumplir con este rol, algunas de sus funciones son: dise\u00f1ar, implementar y evaluar estrategias tendientes al mejoramiento de la calidad de la docencia de pregrado; definir, proponer, actualizar y velar por el adecuado cumplimiento de los reglamentos que regulan la funci\u00f3n docente de pregrado; realizar un seguimiento a la programaci\u00f3n acad\u00e9mica anual de cada carrera de pregrado por facultad; as\u00ed como monitorear cada uno de los proyectos institucionales que tienen objetivos correspondientes a la Vicerrector\u00eda Acad\u00e9mica y mantener una comunicaci\u00f3n fluida con las redes de Pregrado del CRUCH y del CUECH.[\/vc_column_text][\/vc_column_inner][\/vc_row_inner][\/vc_column][vc_column column_padding=\"no-extra-padding\" column_padding_tablet=\"inherit\" column_padding_phone=\"inherit\" column_padding_position=\"all\" background_color_opacity=\"1\" background_hover_color_opacity=\"1\" background_image=\"204\" background_image_position=\"center center\" enable_bg_scale=\"true\" column_shadow=\"none\" column_border_radius=\"none\" column_link_target=\"_self\" gradient_direction=\"left_to_right\" overlay_strength=\"0.3\" width=\"1\/2\" tablet_width_inherit=\"default\" tablet_text_alignment=\"default\" phone_text_alignment=\"default\" column_border_width=\"none\" column_border_style=\"solid\" bg_image_animation=\"none\"][\/vc_column][\/vc_row][vc_row type=\"in_container\" full_screen_row_position=\"middle\" column_margin=\"default\" column_direction=\"default\" column_direction_tablet=\"default\" column_direction_phone=\"default\" scene_position=\"center\" text_color=\"dark\" text_align=\"left\" row_border_radius=\"none\" row_border_radius_applies=\"bg\" overlay_strength=\"0.3\" gradient_direction=\"left_to_right\" shape_divider_position=\"bottom\" bg_image_animation=\"none\"][vc_column column_padding=\"no-extra-padding\" column_padding_tablet=\"inherit\" column_padding_phone=\"inherit\" column_padding_position=\"all\" background_color_opacity=\"1\" background_hover_color_opacity=\"1\" column_shadow=\"none\" column_border_radius=\"none\" column_link_target=\"_self\" gradient_direction=\"left_to_right\" overlay_strength=\"0.3\" width=\"1\/1\" tablet_width_inherit=\"default\" tablet_text_alignment=\"default\" phone_text_alignment=\"default\" column_border_width=\"none\" column_border_style=\"solid\" bg_image_animation=\"none\"][divider line_type=\"No Line\" custom_height=\"30px\"][divider line_type=\"Small Line\" line_alignment=\"center\" line_thickness=\"1\" divider_color=\"default\" custom_height=\"5px\"][\/vc_column][\/vc_row]","_et_gb_content_width":"","footnotes":""},"class_list":["post-150","page","type-page","status-publish","hentry"],"_links":{"self":[{"href":"https:\/\/upla.cl\/vicerrectoriaacademica\/wp-json\/wp\/v2\/pages\/150","targetHints":{"allow":["GET"]}}],"collection":[{"href":"https:\/\/upla.cl\/vicerrectoriaacademica\/wp-json\/wp\/v2\/pages"}],"about":[{"href":"https:\/\/upla.cl\/vicerrectoriaacademica\/wp-json\/wp\/v2\/types\/page"}],"author":[{"embeddable":true,"href":"https:\/\/upla.cl\/vicerrectoriaacademica\/wp-json\/wp\/v2\/users\/2"}],"replies":[{"embeddable":true,"href":"https:\/\/upla.cl\/vicerrectoriaacademica\/wp-json\/wp\/v2\/comments?post=150"}],"version-history":[{"count":21,"href":"https:\/\/upla.cl\/vicerrectoriaacademica\/wp-json\/wp\/v2\/pages\/150\/revisions"}],"predecessor-version":[{"id":128137,"href":"https:\/\/upla.cl\/vicerrectoriaacademica\/wp-json\/wp\/v2\/pages\/150\/revisions\/128137"}],"wp:attachment":[{"href":"https:\/\/upla.cl\/vicerrectoriaacademica\/wp-json\/wp\/v2\/media?parent=150"}],"curies":[{"name":"wp","href":"https:\/\/api.w.org\/{rel}","templated":true}]}}