{"id":152,"date":"2020-12-15T03:40:43","date_gmt":"2020-12-15T06:40:43","guid":{"rendered":"https:\/\/upla.cl\/vicerrectoriaacademica\/?page_id=152"},"modified":"2025-05-23T20:19:06","modified_gmt":"2025-05-24T00:19:06","slug":"direccion-general-de-desarrollo-estudiantil","status":"publish","type":"page","link":"https:\/\/upla.cl\/vicerrectoriaacademica\/direccion-general-de-desarrollo-estudiantil\/","title":{"rendered":"Direcci\u00f3n General de Desarrollo Estudiantil"},"content":{"rendered":"<p>[et_pb_section fb_built=\u00bb1&#8243; fullwidth=\u00bbon\u00bb _builder_version=\u00bb4.16&#8243; _module_preset=\u00bbdefault\u00bb global_colors_info=\u00bb{}\u00bb][et_pb_fullwidth_slider _builder_version=\u00bb4.16&#8243; _module_preset=\u00bbdefault\u00bb global_colors_info=\u00bb{}\u00bb][et_pb_slide heading=\u00bbDirecci\u00f3n General de Desarrollo Estudiantil\u00bb _builder_version=\u00bb4.16&#8243; _module_preset=\u00bbdefault\u00bb background_color=\u00bbrgba(0,0,0,0)\u00bb background_enable_color=\u00bbon\u00bb background_image=\u00bbhttps:\/\/upla.cl\/vicerrectoriaacademica\/wp-content\/uploads\/2020\/12\/12-1.png\u00bb background_enable_image=\u00bbon\u00bb global_colors_info=\u00bb{}\u00bb sticky_transition=\u00bbon\u00bb][\/et_pb_slide][\/et_pb_fullwidth_slider][\/et_pb_section][et_pb_section fb_built=\u00bb1&#8243; _builder_version=\u00bb4.16&#8243; _module_preset=\u00bbdefault\u00bb global_colors_info=\u00bb{}\u00bb][et_pb_row column_structure=\u00bb1_2,1_2&#8243; _builder_version=\u00bb4.16&#8243; _module_preset=\u00bbdefault\u00bb global_colors_info=\u00bb{}\u00bb][et_pb_column type=\u00bb1_2&#8243; _builder_version=\u00bb4.16&#8243; _module_preset=\u00bbdefault\u00bb global_colors_info=\u00bb{}\u00bb][et_pb_image src=\u00bbhttps:\/\/upla.cl\/vicerrectoriaacademica\/wp-content\/uploads\/2020\/12\/12-1.png\u00bb title_text=\u00bb12&#8243; _builder_version=\u00bb4.16&#8243; _module_preset=\u00bbdefault\u00bb global_colors_info=\u00bb{}\u00bb][\/et_pb_image][\/et_pb_column][et_pb_column type=\u00bb1_2&#8243; _builder_version=\u00bb4.16&#8243; _module_preset=\u00bbdefault\u00bb global_colors_info=\u00bb{}\u00bb][et_pb_text _builder_version=\u00bb4.16&#8243; _module_preset=\u00bbdefault\u00bb header_2_text_color=\u00bb#0c71c3&#8243; global_colors_info=\u00bb{}\u00bb]<\/p>\n<h2>Relaci\u00f3n directa con estudiantes\u00a0<\/h2>\n<p>La Direcci\u00f3n General de Desarrollo Estudiantil de la Universidad de Playa Ancha, integrada por un equipo multidisciplinario, acad\u00e9micos\/as, profesionales y t\u00e9cnicos\/as, se establece en coherencia a la misi\u00f3n y visi\u00f3n institucional, como tambi\u00e9n a las indicaciones contempladas en el Informe de Autoevaluaci\u00f3n Institucional 2016, las Pol\u00edticas Institucionales 2016 &#8211; 2025 y al Modelo Educativo de la Vicerrector\u00eda Acad\u00e9mica.<br \/>\nEl objetivo de la Direcci\u00f3n General de Desarrollo Estudiantil, es desarrollar una labor comprometida con los desaf\u00edos que plantea el fortalecimiento de la Educaci\u00f3n P\u00fablica, responsabiliz\u00e1ndose en \u201cproponer, planificar, organizar, dirigir, coordinar y controlar las pol\u00edticas, planes y programas destinados a favorecer el bienestar de los estudiantes y construir un soporte para su desarrollo acad\u00e9mico e integral con la comunidad universitaria\u201d.<br \/>\nAsimismo, el objetivo de la Direcci\u00f3n General de Desarrollo Estudiantil, se establece en relaci\u00f3n al contexto hist\u00f3rico, pol\u00edtico, econ\u00f3mico y social que enmarca el proceso de la Educaci\u00f3n Superior en Chile, consider\u00e1ndose a la educaci\u00f3n como un derecho, con igualdad de calidad para todos y con la finalidad de promover el desarrollo personal, intelectual y la participaci\u00f3n social y vivencial de los derechos humanos.[\/et_pb_text][et_pb_button button_text=\u00bbAccede al sitio de Desarrollo Estudiantil\u00bb _builder_version=\u00bb4.27.4&#8243; _module_preset=\u00bbdefault\u00bb button_url=\u00bbhttps:\/\/www.upla.cl\/desarrolloestudiantil\/\u00bb url_new_window=\u00bbon\u00bb admin_label=\u00bbBot\u00f3n hacia DGDE\u00bb hover_enabled=\u00bb0&#8243; sticky_enabled=\u00bb0&#8243;][\/et_pb_button][\/et_pb_column][\/et_pb_row][\/et_pb_section]<\/p>\n","protected":false},"excerpt":{"rendered":"<p>Relaci\u00f3n directa con estudiantes\u00a0 La Direcci\u00f3n General de Desarrollo Estudiantil de la Universidad de Playa Ancha, integrada por un equipo multidisciplinario, acad\u00e9micos\/as, profesionales y t\u00e9cnicos\/as, se establece en coherencia a la misi\u00f3n y visi\u00f3n institucional, como tambi\u00e9n a las indicaciones contempladas en el Informe de Autoevaluaci\u00f3n Institucional 2016, las Pol\u00edticas Institucionales 2016 &#8211; 2025 y [&hellip;]<\/p>\n","protected":false},"author":2,"featured_media":0,"parent":0,"menu_order":0,"comment_status":"closed","ping_status":"closed","template":"","meta":{"_et_pb_use_builder":"on","_et_pb_old_content":"[vc_row type=\"full_width_content\" full_screen_row_position=\"middle\" column_margin=\"default\" equal_height=\"yes\" content_placement=\"middle\" column_direction=\"default\" column_direction_tablet=\"default\" column_direction_phone=\"default\" bg_color=\"#ffffff\" scene_position=\"center\" text_color=\"dark\" text_align=\"left\" row_border_radius=\"none\" row_border_radius_applies=\"bg\" overlay_strength=\"0.3\" gradient_direction=\"left_to_right\" shape_divider_position=\"bottom\" bg_image_animation=\"none\"][vc_column column_padding=\"padding-10-percent\" column_padding_tablet=\"inherit\" column_padding_phone=\"inherit\" column_padding_position=\"all\" background_color=\"#f4f4f4\" background_color_opacity=\"1\" background_hover_color_opacity=\"1\" column_shadow=\"none\" column_border_radius=\"none\" column_link_target=\"_self\" gradient_direction=\"left_to_right\" overlay_strength=\"0.3\" width=\"1\/2\" tablet_width_inherit=\"default\" tablet_text_alignment=\"default\" phone_text_alignment=\"default\" column_border_width=\"none\" column_border_style=\"solid\" bg_image_animation=\"none\"][vc_row_inner column_margin=\"default\" column_direction=\"default\" column_direction_tablet=\"default\" column_direction_phone=\"default\" text_align=\"left\"][vc_column_inner column_padding=\"no-extra-padding\" column_padding_tablet=\"inherit\" column_padding_phone=\"inherit\" column_padding_position=\"all\" background_color_opacity=\"1\" background_hover_color_opacity=\"1\" column_shadow=\"none\" column_border_radius=\"none\" column_link_target=\"_self\" gradient_direction=\"left_to_right\" overlay_strength=\"0.3\" width=\"1\/1\" tablet_width_inherit=\"default\" column_border_width=\"none\" column_border_style=\"solid\" bg_image_animation=\"none\" enable_animation=\"true\" animation=\"fade-in-from-bottom\"][vc_custom_heading text=\"Vicerrector\u00eda Acad\u00e9mica\" font_container=\"tag:h6|text_align:left|color:%23dbdbdb\" use_theme_fonts=\"yes\" css=\".vc_custom_1627590182581{margin-bottom: 10px !important;}\"][vc_custom_heading text=\"Direcci\u00f3n General de Desarrollo Estudiantil\" font_container=\"tag:h2|font_size:40|text_align:left|line_height:50px\" use_theme_fonts=\"yes\"][divider line_type=\"No Line\" custom_height=\"30px\"][vc_column_text css_animation=\"flipInX\"]<span style=\"font-size: 10pt; color: #003366;\"><b>Relaci\u00f3n directa con estudiantes\u00a0<\/b><\/span>\r\n\r\nLa <strong>Direcci\u00f3n General de Desarrollo Estudiantil<\/strong> de la Universidad de Playa Ancha, integrada por un equipo multidisciplinario, acad\u00e9micos\/as, profesionales y t\u00e9cnicos\/as, se establece en coherencia a la misi\u00f3n y visi\u00f3n institucional, como tambi\u00e9n a las indicaciones contempladas en el Informe de Autoevaluaci\u00f3n Institucional 2016, las Pol\u00edticas Institucionales 2016 - 2025 y al Modelo Educativo de la Vicerrector\u00eda Acad\u00e9mica.\r\n\r\nEl <strong>objetivo<\/strong> de la Direcci\u00f3n General de Desarrollo Estudiantil, es desarrollar una labor comprometida con los desaf\u00edos que plantea el fortalecimiento de la Educaci\u00f3n P\u00fablica, responsabiliz\u00e1ndose en \u201c<strong>proponer, planificar, organizar, dirigir, coordinar y controlar las pol\u00edticas, planes y programas destinados a favorecer el bienestar de los estudiantes y construir un soporte para su desarrollo acad\u00e9mico e integral con la comunidad universitaria<\/strong>\u201d.\r\n\r\nAsimismo, el objetivo de la Direcci\u00f3n General de Desarrollo Estudiantil, se establece en relaci\u00f3n al contexto hist\u00f3rico, pol\u00edtico, econ\u00f3mico y social que enmarca el proceso de la Educaci\u00f3n Superior en Chile, consider\u00e1ndose a la educaci\u00f3n como un derecho, con igualdad de calidad para todos y con la finalidad de promover el desarrollo personal, intelectual y la participaci\u00f3n social y vivencial de los derechos humanos.[\/vc_column_text][nectar_btn size=\"small\" button_style=\"regular\" button_color_2=\"Accent-Color\" icon_family=\"none\" text=\"Sitio Web\" url=\"http:\/\/www.upla.cl\/desarrolloestudiantil\"][\/vc_column_inner][\/vc_row_inner][\/vc_column][vc_column column_padding=\"no-extra-padding\" column_padding_tablet=\"inherit\" column_padding_phone=\"inherit\" column_padding_position=\"all\" background_color_opacity=\"1\" background_hover_color_opacity=\"1\" background_image=\"250\" background_image_position=\"center center\" enable_bg_scale=\"true\" column_shadow=\"none\" column_border_radius=\"none\" column_link_target=\"_self\" gradient_direction=\"left_to_right\" overlay_strength=\"0.3\" width=\"1\/2\" tablet_width_inherit=\"default\" tablet_text_alignment=\"default\" phone_text_alignment=\"default\" column_border_width=\"none\" column_border_style=\"solid\" bg_image_animation=\"none\"][\/vc_column][\/vc_row][vc_row type=\"in_container\" full_screen_row_position=\"middle\" column_margin=\"default\" column_direction=\"default\" column_direction_tablet=\"default\" column_direction_phone=\"default\" scene_position=\"center\" text_color=\"dark\" text_align=\"left\" row_border_radius=\"none\" row_border_radius_applies=\"bg\" overlay_strength=\"0.3\" gradient_direction=\"left_to_right\" shape_divider_position=\"bottom\" bg_image_animation=\"none\"][vc_column column_padding=\"no-extra-padding\" column_padding_tablet=\"inherit\" column_padding_phone=\"inherit\" column_padding_position=\"all\" background_color_opacity=\"1\" background_hover_color_opacity=\"1\" column_shadow=\"none\" column_border_radius=\"none\" column_link_target=\"_self\" gradient_direction=\"left_to_right\" overlay_strength=\"0.3\" width=\"1\/1\" tablet_width_inherit=\"default\" tablet_text_alignment=\"default\" phone_text_alignment=\"default\" column_border_width=\"none\" column_border_style=\"solid\" bg_image_animation=\"none\"][divider line_type=\"No Line\" custom_height=\"30px\"][divider line_type=\"Small Line\" line_alignment=\"center\" line_thickness=\"1\" divider_color=\"default\" custom_height=\"5px\"][\/vc_column][\/vc_row]","_et_gb_content_width":"","footnotes":""},"class_list":["post-152","page","type-page","status-publish","hentry"],"_links":{"self":[{"href":"https:\/\/upla.cl\/vicerrectoriaacademica\/wp-json\/wp\/v2\/pages\/152","targetHints":{"allow":["GET"]}}],"collection":[{"href":"https:\/\/upla.cl\/vicerrectoriaacademica\/wp-json\/wp\/v2\/pages"}],"about":[{"href":"https:\/\/upla.cl\/vicerrectoriaacademica\/wp-json\/wp\/v2\/types\/page"}],"author":[{"embeddable":true,"href":"https:\/\/upla.cl\/vicerrectoriaacademica\/wp-json\/wp\/v2\/users\/2"}],"replies":[{"embeddable":true,"href":"https:\/\/upla.cl\/vicerrectoriaacademica\/wp-json\/wp\/v2\/comments?post=152"}],"version-history":[{"count":18,"href":"https:\/\/upla.cl\/vicerrectoriaacademica\/wp-json\/wp\/v2\/pages\/152\/revisions"}],"predecessor-version":[{"id":128892,"href":"https:\/\/upla.cl\/vicerrectoriaacademica\/wp-json\/wp\/v2\/pages\/152\/revisions\/128892"}],"wp:attachment":[{"href":"https:\/\/upla.cl\/vicerrectoriaacademica\/wp-json\/wp\/v2\/media?parent=152"}],"curies":[{"name":"wp","href":"https:\/\/api.w.org\/{rel}","templated":true}]}}

Dirección General de Desarrollo Estudiantil

<p>[et_pb_section fb_built=»1&#8243; fullwidth=»on» _builder_version=»4.16&#8243; _module_preset=»default» global_colors_info=»{}»][et_pb_fullwidth_slider _builder_version=»4.16&#8243; _module_preset=»default» global_colors_info=»{}»][et_pb_slide heading=»Dirección General de Desarrollo Estudiantil» _builder_version=»4.16&#8243; _module_preset=»default» background_color=»rgba(0,0,0,0)» background_enable_color=»on» background_image=»https://upla.cl/vicerrectoriaacademica/wp-content/uploads/2020/12/12-1.png» background_enable_image=»on» global_colors_info=»{}» sticky_transition=»on»][/et_pb_slide][/et_pb_fullwidth_slider][/et_pb_section][et_pb_section fb_built=»1&#8243; _builder_version=»4.16&#8243; _module_preset=»default» global_colors_info=»{}»][et_pb_row column_structure=»1_2,1_2&#8243; _builder_version=»4.16&#8243; _module_preset=»default» global_colors_info=»{}»][et_pb_column type=»1_2&#8243; _builder_version=»4.16&#8243; _module_preset=»default» global_colors_info=»{}»][et_pb_image src=»https://upla.cl/vicerrectoriaacademica/wp-content/uploads/2020/12/12-1.png» title_text=»12&#8243; _builder_version=»4.16&#8243; _module_preset=»default» global_colors_info=»{}»][/et_pb_image][/et_pb_column][et_pb_column type=»1_2&#8243; _builder_version=»4.16&#8243; _module_preset=»default» global_colors_info=»{}»][et_pb_text _builder_version=»4.16&#8243; _module_preset=»default» header_2_text_color=»#0c71c3&#8243; global_colors_info=»{}»]</p>
<h2>Relación directa con estudiantes </h2>
<p>La Dirección General de Desarrollo Estudiantil de la Universidad de Playa Ancha, integrada por un equipo multidisciplinario, académicos/as, profesionales y técnicos/as, se establece en coherencia a la misión y visión institucional, como también a las indicaciones contempladas en el Informe de Autoevaluación Institucional 2016, las Políticas Institucionales 2016 &#8211; 2025 y al Modelo Educativo de la Vicerrectoría Académica.<br />
El objetivo de la Dirección General de Desarrollo Estudiantil, es desarrollar una labor comprometida con los desafíos que plantea el fortalecimiento de la Educación Pública, responsabilizándose en “proponer, planificar, organizar, dirigir, coordinar y controlar las políticas, planes y programas destinados a favorecer el bienestar de los estudiantes y construir un soporte para su desarrollo académico e integral con la comunidad universitaria”.<br />
Asimismo, el objetivo de la Dirección General de Desarrollo Estudiantil, se establece en relación al contexto histórico, político, económico y social que enmarca el proceso de la Educación Superior en Chile, considerándose a la educación como un derecho, con igualdad de calidad para todos y con la finalidad de promover el desarrollo personal, intelectual y la participación social y vivencial de los derechos humanos.[/et_pb_text][et_pb_button button_text=»Accede al sitio de Desarrollo Estudiantil» _builder_version=»4.27.4&#8243; _module_preset=»default» button_url=»https://www.upla.cl/desarrolloestudiantil/» url_new_window=»on» admin_label=»Botón hacia DGDE» hover_enabled=»0&#8243; sticky_enabled=»0&#8243;][/et_pb_button][/et_pb_column][/et_pb_row][/et_pb_section]</p>

<p>Relación directa con estudiantes  La Dirección General de Desarrollo Estudiantil de la Universidad de Playa Ancha, integrada por un equipo multidisciplinario, académicos/as, profesionales y técnicos/as, se establece en coherencia a la misión y visión institucional, como también a las indicaciones contempladas en el Informe de Autoevaluación Institucional 2016, las Políticas Institucionales 2016 &#8211; 2025 y [&hellip;]</p>

[vc_row type="full_width_content" full_screen_row_position="middle" column_margin="default" equal_height="yes" content_placement="middle" column_direction="default" column_direction_tablet="default" column_direction_phone="default" bg_color="#ffffff" scene_position="center" text_color="dark" text_align="left" row_border_radius="none" row_border_radius_applies="bg" overlay_strength="0.3" gradient_direction="left_to_right" shape_divider_position="bottom" bg_image_animation="none"][vc_column column_padding="padding-10-percent" column_padding_tablet="inherit" column_padding_phone="inherit" column_padding_position="all" background_color="#f4f4f4" background_color_opacity="1" background_hover_color_opacity="1" column_shadow="none" column_border_radius="none" column_link_target="_self" gradient_direction="left_to_right" overlay_strength="0.3" width="1/2" tablet_width_inherit="default" tablet_text_alignment="default" phone_text_alignment="default" column_border_width="none" column_border_style="solid" bg_image_animation="none"][vc_row_inner column_margin="default" column_direction="default" column_direction_tablet="default" column_direction_phone="default" text_align="left"][vc_column_inner column_padding="no-extra-padding" column_padding_tablet="inherit" column_padding_phone="inherit" column_padding_position="all" background_color_opacity="1" background_hover_color_opacity="1" column_shadow="none" column_border_radius="none" column_link_target="_self" gradient_direction="left_to_right" overlay_strength="0.3" width="1/1" tablet_width_inherit="default" column_border_width="none" column_border_style="solid" bg_image_animation="none" enable_animation="true" animation="fade-in-from-bottom"][vc_custom_heading text="Vicerrectoría Académica" font_container="tag:h6|text_align:left|color:%23dbdbdb" use_theme_fonts="yes" css=".vc_custom_1627590182581{margin-bottom: 10px !important;}"][vc_custom_heading text="Dirección General de Desarrollo Estudiantil" font_container="tag:h2|font_size:40|text_align:left|line_height:50px" use_theme_fonts="yes"][divider line_type="No Line" custom_height="30px"][vc_column_text css_animation="flipInX"]<span style="font-size: 10pt; color: #003366;"><b>Relación directa con estudiantes </b></span>

La <strong>Dirección General de Desarrollo Estudiantil</strong> de la Universidad de Playa Ancha, integrada por un equipo multidisciplinario, académicos/as, profesionales y técnicos/as, se establece en coherencia a la misión y visión institucional, como también a las indicaciones contempladas en el Informe de Autoevaluación Institucional 2016, las Políticas Institucionales 2016 - 2025 y al Modelo Educativo de la Vicerrectoría Académica.

El <strong>objetivo</strong> de la Dirección General de Desarrollo Estudiantil, es desarrollar una labor comprometida con los desafíos que plantea el fortalecimiento de la Educación Pública, responsabilizándose en “<strong>proponer, planificar, organizar, dirigir, coordinar y controlar las políticas, planes y programas destinados a favorecer el bienestar de los estudiantes y construir un soporte para su desarrollo académico e integral con la comunidad universitaria</strong>”.

Asimismo, el objetivo de la Dirección General de Desarrollo Estudiantil, se establece en relación al contexto histórico, político, económico y social que enmarca el proceso de la Educación Superior en Chile, considerándose a la educación como un derecho, con igualdad de calidad para todos y con la finalidad de promover el desarrollo personal, intelectual y la participación social y vivencial de los derechos humanos.[/vc_column_text][nectar_btn size="small" button_style="regular" button_color_2="Accent-Color" icon_family="none" text="Sitio Web" url="http://www.upla.cl/desarrolloestudiantil"][/vc_column_inner][/vc_row_inner][/vc_column][vc_column column_padding="no-extra-padding" column_padding_tablet="inherit" column_padding_phone="inherit" column_padding_position="all" background_color_opacity="1" background_hover_color_opacity="1" background_image="250" background_image_position="center center" enable_bg_scale="true" column_shadow="none" column_border_radius="none" column_link_target="_self" gradient_direction="left_to_right" overlay_strength="0.3" width="1/2" tablet_width_inherit="default" tablet_text_alignment="default" phone_text_alignment="default" column_border_width="none" column_border_style="solid" bg_image_animation="none"][/vc_column][/vc_row][vc_row type="in_container" full_screen_row_position="middle" column_margin="default" column_direction="default" column_direction_tablet="default" column_direction_phone="default" scene_position="center" text_color="dark" text_align="left" row_border_radius="none" row_border_radius_applies="bg" overlay_strength="0.3" gradient_direction="left_to_right" shape_divider_position="bottom" bg_image_animation="none"][vc_column column_padding="no-extra-padding" column_padding_tablet="inherit" column_padding_phone="inherit" column_padding_position="all" background_color_opacity="1" background_hover_color_opacity="1" column_shadow="none" column_border_radius="none" column_link_target="_self" gradient_direction="left_to_right" overlay_strength="0.3" width="1/1" tablet_width_inherit="default" tablet_text_alignment="default" phone_text_alignment="default" column_border_width="none" column_border_style="solid" bg_image_animation="none"][divider line_type="No Line" custom_height="30px"][divider line_type="Small Line" line_alignment="center" line_thickness="1" divider_color="default" custom_height="5px"][/vc_column][/vc_row]
