{"id":593,"date":"2021-07-14T13:56:33","date_gmt":"2021-07-14T17:56:33","guid":{"rendered":"https:\/\/upla.cl\/vicerrectoriaacademica\/?page_id=593"},"modified":"2025-05-23T20:26:38","modified_gmt":"2025-05-24T00:26:38","slug":"itec","status":"publish","type":"page","link":"https:\/\/upla.cl\/vicerrectoriaacademica\/itec\/","title":{"rendered":"Instituto Tecnol\u00f3gico Universidad de Playa Ancha"},"content":{"rendered":"<p>[et_pb_section fb_built=\u00bb1&#8243; fullwidth=\u00bbon\u00bb _builder_version=\u00bb4.16&#8243; _module_preset=\u00bbdefault\u00bb global_colors_info=\u00bb{}\u00bb][et_pb_fullwidth_slider _builder_version=\u00bb4.16&#8243; _module_preset=\u00bbdefault\u00bb global_colors_info=\u00bb{}\u00bb][et_pb_slide heading=\u00bbInstituto Tecnol\u00f3gico\u00bb _builder_version=\u00bb4.16&#8243; _module_preset=\u00bbdefault\u00bb background_enable_color=\u00bboff\u00bb background_image=\u00bbhttps:\/\/upla.cl\/vicerrectoriaacademica\/wp-content\/uploads\/2020\/12\/06-2.png\u00bb background_enable_image=\u00bbon\u00bb global_colors_info=\u00bb{}\u00bb sticky_transition=\u00bbon\u00bb][\/et_pb_slide][\/et_pb_fullwidth_slider][\/et_pb_section][et_pb_section fb_built=\u00bb1&#8243; _builder_version=\u00bb4.16&#8243; _module_preset=\u00bbdefault\u00bb global_colors_info=\u00bb{}\u00bb][et_pb_row column_structure=\u00bb1_2,1_2&#8243; _builder_version=\u00bb4.16&#8243; _module_preset=\u00bbdefault\u00bb global_colors_info=\u00bb{}\u00bb][et_pb_column type=\u00bb1_2&#8243; _builder_version=\u00bb4.16&#8243; _module_preset=\u00bbdefault\u00bb global_colors_info=\u00bb{}\u00bb][et_pb_image src=\u00bbhttps:\/\/upla.cl\/vicerrectoriaacademica\/wp-content\/uploads\/2020\/12\/06-2.png\u00bb title_text=\u00bb06&#8243; _builder_version=\u00bb4.16&#8243; _module_preset=\u00bbdefault\u00bb global_colors_info=\u00bb{}\u00bb][\/et_pb_image][\/et_pb_column][et_pb_column type=\u00bb1_2&#8243; _builder_version=\u00bb4.16&#8243; _module_preset=\u00bbdefault\u00bb global_colors_info=\u00bb{}\u00bb][et_pb_text _builder_version=\u00bb4.16&#8243; background_size=\u00bbinitial\u00bb background_position=\u00bbtop_left\u00bb background_repeat=\u00bbrepeat\u00bb global_colors_info=\u00bb{}\u00bb]<\/p>\n<p>El <strong>Instituto Tecnol\u00f3gico de la Universidad de Playa Ancha<\/strong>, con sedes en Valpara\u00edso y San Felipe, tiene como objetivo formar t\u00e9cnicos de nivel superior de calidad, enfatizando en la formaci\u00f3n vocacional, vinculada estrechamente con el medio, acorde a los requerimientos del mundo laboral y al compromiso \u00e9tico y social que le imprime su car\u00e1cter universitario del sector p\u00fablico, acorde al sello corporativo de nuestra casa de estudios.\u00bb<\/p>\n<p>[\/et_pb_text][et_pb_button button_text=\u00bbAccede al sitio del Instituto Tecnol\u00f3gico\u00bb _builder_version=\u00bb4.27.4&#8243; _module_preset=\u00bbdefault\u00bb button_url=\u00bbhttps:\/\/www.upla.cl\/institutotecnologico\u00bb url_new_window=\u00bbon\u00bb admin_label=\u00bbBot\u00f3n ITEC\u00bb hover_enabled=\u00bb0&#8243; sticky_enabled=\u00bb0&#8243;][\/et_pb_button][\/et_pb_column][\/et_pb_row][\/et_pb_section]<\/p>\n","protected":false},"excerpt":{"rendered":"<p>Rese\u00f1a sobre el Instituto Tecnol\u00f3gico de la Universidad de Playa Ancha.<\/p>\n","protected":false},"author":4,"featured_media":0,"parent":0,"menu_order":0,"comment_status":"closed","ping_status":"closed","template":"","meta":{"_et_pb_use_builder":"on","_et_pb_old_content":"[vc_row type=\"full_width_content\" full_screen_row_position=\"middle\" column_margin=\"default\" equal_height=\"yes\" content_placement=\"middle\" column_direction=\"default\" column_direction_tablet=\"default\" column_direction_phone=\"default\" bg_color=\"#ffffff\" scene_position=\"center\" text_color=\"dark\" text_align=\"left\" row_border_radius=\"none\" row_border_radius_applies=\"bg\" overlay_strength=\"0.3\" gradient_direction=\"left_to_right\" shape_divider_position=\"bottom\" bg_image_animation=\"none\"][vc_column column_padding=\"padding-10-percent\" column_padding_tablet=\"inherit\" column_padding_phone=\"inherit\" column_padding_position=\"all\" background_color=\"#f4f4f4\" background_color_opacity=\"1\" background_hover_color_opacity=\"1\" column_shadow=\"none\" column_border_radius=\"none\" column_link_target=\"_self\" gradient_direction=\"left_to_right\" overlay_strength=\"0.3\" width=\"1\/2\" tablet_width_inherit=\"default\" tablet_text_alignment=\"default\" phone_text_alignment=\"default\" column_border_width=\"none\" column_border_style=\"solid\" bg_image_animation=\"none\"][vc_row_inner column_margin=\"default\" column_direction=\"default\" column_direction_tablet=\"default\" column_direction_phone=\"default\" text_align=\"left\"][vc_column_inner column_padding=\"no-extra-padding\" column_padding_tablet=\"inherit\" column_padding_phone=\"inherit\" column_padding_position=\"all\" background_color_opacity=\"1\" background_hover_color_opacity=\"1\" column_shadow=\"none\" column_border_radius=\"none\" column_link_target=\"_self\" gradient_direction=\"left_to_right\" overlay_strength=\"0.3\" width=\"1\/1\" tablet_width_inherit=\"default\" column_border_width=\"none\" column_border_style=\"solid\" bg_image_animation=\"none\" enable_animation=\"true\" animation=\"fade-in-from-bottom\"][vc_custom_heading text=\"Vicerrector\u00eda Acad\u00e9mica\" font_container=\"tag:h5|text_align:left|color:%23bfbfbf\" use_theme_fonts=\"yes\" css=\".vc_custom_1626285285218{margin-bottom: 10px !important;}\"][vc_custom_heading text=\"Instituto Tecnol\u00f3gico Universidad de Playa Ancha\" font_container=\"tag:h2|font_size:40|text_align:left|line_height:50px\" use_theme_fonts=\"yes\"][vc_custom_heading text=\"El Instituto Tecnol\u00f3gico de la Universidad de Playa Ancha, con sedes en Valpara\u00edso y San Felipe, tiene como objetivo formar t\u00e9cnicos de nivel superior de calidad, enfatizando en la formaci\u00f3n vocacional, vinculada estrechamente con el medio, acorde a los requerimientos del mundo laboral y al compromiso \u00e9tico y social que le imprime su car\u00e1cter universitario del sector p\u00fablico, acorde al sello corporativo de nuestra casa de estudios.\" font_container=\"tag:p|text_align:left|color:rgba(10%2C10%2C10%2C0.6)\" use_theme_fonts=\"yes\"][nectar_btn size=\"small\" button_style=\"regular\" button_color_2=\"Accent-Color\" icon_family=\"none\" text=\"Sitio Web\" url=\"https:\/\/www.upla.cl\/institutotecnologico\/\"][\/vc_column_inner][\/vc_row_inner][\/vc_column][vc_column column_padding=\"no-extra-padding\" column_padding_tablet=\"inherit\" column_padding_phone=\"inherit\" column_padding_position=\"all\" background_color_opacity=\"1\" background_hover_color_opacity=\"1\" background_image=\"280\" background_image_position=\"center center\" enable_bg_scale=\"true\" column_shadow=\"none\" column_border_radius=\"none\" column_link_target=\"_self\" gradient_direction=\"left_to_right\" overlay_strength=\"0.3\" width=\"1\/2\" tablet_width_inherit=\"default\" tablet_text_alignment=\"default\" phone_text_alignment=\"default\" column_border_width=\"none\" column_border_style=\"solid\" bg_image_animation=\"none\"][\/vc_column][\/vc_row][vc_row type=\"in_container\" full_screen_row_position=\"middle\" column_margin=\"default\" column_direction=\"default\" column_direction_tablet=\"default\" column_direction_phone=\"default\" scene_position=\"center\" text_color=\"dark\" text_align=\"left\" row_border_radius=\"none\" row_border_radius_applies=\"bg\" overlay_strength=\"0.3\" gradient_direction=\"left_to_right\" shape_divider_position=\"bottom\" bg_image_animation=\"none\"][vc_column column_padding=\"no-extra-padding\" column_padding_tablet=\"inherit\" column_padding_phone=\"inherit\" column_padding_position=\"all\" background_color_opacity=\"1\" background_hover_color_opacity=\"1\" column_shadow=\"none\" column_border_radius=\"none\" column_link_target=\"_self\" gradient_direction=\"left_to_right\" overlay_strength=\"0.3\" width=\"1\/1\" tablet_width_inherit=\"default\" tablet_text_alignment=\"default\" phone_text_alignment=\"default\" column_border_width=\"none\" column_border_style=\"solid\" bg_image_animation=\"none\"][divider line_type=\"No Line\" custom_height=\"30px\"][divider line_type=\"Small Line\" line_alignment=\"center\" line_thickness=\"1\" divider_color=\"default\" custom_height=\"5px\"][\/vc_column][\/vc_row]","_et_gb_content_width":"","footnotes":""},"class_list":["post-593","page","type-page","status-publish","hentry"],"_links":{"self":[{"href":"https:\/\/upla.cl\/vicerrectoriaacademica\/wp-json\/wp\/v2\/pages\/593","targetHints":{"allow":["GET"]}}],"collection":[{"href":"https:\/\/upla.cl\/vicerrectoriaacademica\/wp-json\/wp\/v2\/pages"}],"about":[{"href":"https:\/\/upla.cl\/vicerrectoriaacademica\/wp-json\/wp\/v2\/types\/page"}],"author":[{"embeddable":true,"href":"https:\/\/upla.cl\/vicerrectoriaacademica\/wp-json\/wp\/v2\/users\/4"}],"replies":[{"embeddable":true,"href":"https:\/\/upla.cl\/vicerrectoriaacademica\/wp-json\/wp\/v2\/comments?post=593"}],"version-history":[{"count":9,"href":"https:\/\/upla.cl\/vicerrectoriaacademica\/wp-json\/wp\/v2\/pages\/593\/revisions"}],"predecessor-version":[{"id":128896,"href":"https:\/\/upla.cl\/vicerrectoriaacademica\/wp-json\/wp\/v2\/pages\/593\/revisions\/128896"}],"wp:attachment":[{"href":"https:\/\/upla.cl\/vicerrectoriaacademica\/wp-json\/wp\/v2\/media?parent=593"}],"curies":[{"name":"wp","href":"https:\/\/api.w.org\/{rel}","templated":true}]}}

Instituto Tecnológico Universidad de Playa Ancha

<p>[et_pb_section fb_built=»1&#8243; fullwidth=»on» _builder_version=»4.16&#8243; _module_preset=»default» global_colors_info=»{}»][et_pb_fullwidth_slider _builder_version=»4.16&#8243; _module_preset=»default» global_colors_info=»{}»][et_pb_slide heading=»Instituto Tecnológico» _builder_version=»4.16&#8243; _module_preset=»default» background_enable_color=»off» background_image=»https://upla.cl/vicerrectoriaacademica/wp-content/uploads/2020/12/06-2.png» background_enable_image=»on» global_colors_info=»{}» sticky_transition=»on»][/et_pb_slide][/et_pb_fullwidth_slider][/et_pb_section][et_pb_section fb_built=»1&#8243; _builder_version=»4.16&#8243; _module_preset=»default» global_colors_info=»{}»][et_pb_row column_structure=»1_2,1_2&#8243; _builder_version=»4.16&#8243; _module_preset=»default» global_colors_info=»{}»][et_pb_column type=»1_2&#8243; _builder_version=»4.16&#8243; _module_preset=»default» global_colors_info=»{}»][et_pb_image src=»https://upla.cl/vicerrectoriaacademica/wp-content/uploads/2020/12/06-2.png» title_text=»06&#8243; _builder_version=»4.16&#8243; _module_preset=»default» global_colors_info=»{}»][/et_pb_image][/et_pb_column][et_pb_column type=»1_2&#8243; _builder_version=»4.16&#8243; _module_preset=»default» global_colors_info=»{}»][et_pb_text _builder_version=»4.16&#8243; background_size=»initial» background_position=»top_left» background_repeat=»repeat» global_colors_info=»{}»]</p>
<p>El <strong>Instituto Tecnológico de la Universidad de Playa Ancha</strong>, con sedes en Valparaíso y San Felipe, tiene como objetivo formar técnicos de nivel superior de calidad, enfatizando en la formación vocacional, vinculada estrechamente con el medio, acorde a los requerimientos del mundo laboral y al compromiso ético y social que le imprime su carácter universitario del sector público, acorde al sello corporativo de nuestra casa de estudios.»</p>
<p>[/et_pb_text][et_pb_button button_text=»Accede al sitio del Instituto Tecnológico» _builder_version=»4.27.4&#8243; _module_preset=»default» button_url=»https://www.upla.cl/institutotecnologico» url_new_window=»on» admin_label=»Botón ITEC» hover_enabled=»0&#8243; sticky_enabled=»0&#8243;][/et_pb_button][/et_pb_column][/et_pb_row][/et_pb_section]</p>

<p>Reseña sobre el Instituto Tecnológico de la Universidad de Playa Ancha.</p>

[vc_row type="full_width_content" full_screen_row_position="middle" column_margin="default" equal_height="yes" content_placement="middle" column_direction="default" column_direction_tablet="default" column_direction_phone="default" bg_color="#ffffff" scene_position="center" text_color="dark" text_align="left" row_border_radius="none" row_border_radius_applies="bg" overlay_strength="0.3" gradient_direction="left_to_right" shape_divider_position="bottom" bg_image_animation="none"][vc_column column_padding="padding-10-percent" column_padding_tablet="inherit" column_padding_phone="inherit" column_padding_position="all" background_color="#f4f4f4" background_color_opacity="1" background_hover_color_opacity="1" column_shadow="none" column_border_radius="none" column_link_target="_self" gradient_direction="left_to_right" overlay_strength="0.3" width="1/2" tablet_width_inherit="default" tablet_text_alignment="default" phone_text_alignment="default" column_border_width="none" column_border_style="solid" bg_image_animation="none"][vc_row_inner column_margin="default" column_direction="default" column_direction_tablet="default" column_direction_phone="default" text_align="left"][vc_column_inner column_padding="no-extra-padding" column_padding_tablet="inherit" column_padding_phone="inherit" column_padding_position="all" background_color_opacity="1" background_hover_color_opacity="1" column_shadow="none" column_border_radius="none" column_link_target="_self" gradient_direction="left_to_right" overlay_strength="0.3" width="1/1" tablet_width_inherit="default" column_border_width="none" column_border_style="solid" bg_image_animation="none" enable_animation="true" animation="fade-in-from-bottom"][vc_custom_heading text="Vicerrectoría Académica" font_container="tag:h5|text_align:left|color:%23bfbfbf" use_theme_fonts="yes" css=".vc_custom_1626285285218{margin-bottom: 10px !important;}"][vc_custom_heading text="Instituto Tecnológico Universidad de Playa Ancha" font_container="tag:h2|font_size:40|text_align:left|line_height:50px" use_theme_fonts="yes"][vc_custom_heading text="El Instituto Tecnológico de la Universidad de Playa Ancha, con sedes en Valparaíso y San Felipe, tiene como objetivo formar técnicos de nivel superior de calidad, enfatizando en la formación vocacional, vinculada estrechamente con el medio, acorde a los requerimientos del mundo laboral y al compromiso ético y social que le imprime su carácter universitario del sector público, acorde al sello corporativo de nuestra casa de estudios." font_container="tag:p|text_align:left|color:rgba(10%2C10%2C10%2C0.6)" use_theme_fonts="yes"][nectar_btn size="small" button_style="regular" button_color_2="Accent-Color" icon_family="none" text="Sitio Web" url="https://www.upla.cl/institutotecnologico/"][/vc_column_inner][/vc_row_inner][/vc_column][vc_column column_padding="no-extra-padding" column_padding_tablet="inherit" column_padding_phone="inherit" column_padding_position="all" background_color_opacity="1" background_hover_color_opacity="1" background_image="280" background_image_position="center center" enable_bg_scale="true" column_shadow="none" column_border_radius="none" column_link_target="_self" gradient_direction="left_to_right" overlay_strength="0.3" width="1/2" tablet_width_inherit="default" tablet_text_alignment="default" phone_text_alignment="default" column_border_width="none" column_border_style="solid" bg_image_animation="none"][/vc_column][/vc_row][vc_row type="in_container" full_screen_row_position="middle" column_margin="default" column_direction="default" column_direction_tablet="default" column_direction_phone="default" scene_position="center" text_color="dark" text_align="left" row_border_radius="none" row_border_radius_applies="bg" overlay_strength="0.3" gradient_direction="left_to_right" shape_divider_position="bottom" bg_image_animation="none"][vc_column column_padding="no-extra-padding" column_padding_tablet="inherit" column_padding_phone="inherit" column_padding_position="all" background_color_opacity="1" background_hover_color_opacity="1" column_shadow="none" column_border_radius="none" column_link_target="_self" gradient_direction="left_to_right" overlay_strength="0.3" width="1/1" tablet_width_inherit="default" tablet_text_alignment="default" phone_text_alignment="default" column_border_width="none" column_border_style="solid" bg_image_animation="none"][divider line_type="No Line" custom_height="30px"][divider line_type="Small Line" line_alignment="center" line_thickness="1" divider_color="default" custom_height="5px"][/vc_column][/vc_row]
