{"id":17228899,"date":"2025-11-18T12:20:13","date_gmt":"2025-11-18T15:20:13","guid":{"rendered":"https:\/\/upla.cl\/vinculacion\/?page_id=17228899"},"modified":"2025-12-18T09:19:42","modified_gmt":"2025-12-18T12:19:42","slug":"uvce","status":"publish","type":"page","link":"https:\/\/upla.cl\/vinculacion\/uvce\/","title":{"rendered":"Unidad de V\u00ednculos con la Comunidad Egresada y Empleadores (UVCE)"},"content":{"rendered":"<p>[et_pb_section fb_built=\u00bb1&#8243; inner_shadow=\u00bbon\u00bb fullwidth=\u00bbon\u00bb admin_label=\u00bbCabecera\u00bb _builder_version=\u00bb4.27.4&#8243; _module_preset=\u00bbdefault\u00bb background_enable_image=\u00bboff\u00bb global_colors_info=\u00bb{}\u00bb][et_pb_fullwidth_header title=\u00bbUnidad de V\u00ednculos con la Comunidad Egresada y Empleadores\u00bb _builder_version=\u00bb4.27.4&#8243; _module_preset=\u00bbdefault\u00bb title_font=\u00bbLato|700|||||||\u00bb title_text_align=\u00bbleft\u00bb title_font_size=\u00bb50px\u00bb background_color=\u00bb#0097da\u00bb background_image=\u00bbhttps:\/\/upla.cl\/vinculacion\/wp-content\/uploads\/2025\/11\/16167196253_973e352def_c.jpg\u00bb background_blend=\u00bbmultiply\u00bb custom_padding=\u00bb10%||10%||true|false\u00bb global_colors_info=\u00bb{}\u00bb][\/et_pb_fullwidth_header][\/et_pb_section][et_pb_section fb_built=\u00bb1&#8243; admin_label=\u00bbCuerpo\u00bb _builder_version=\u00bb4.27.4&#8243; _module_preset=\u00bbdefault\u00bb global_colors_info=\u00bb{}\u00bb][et_pb_row column_structure=\u00bb3_4,1_4&#8243; _builder_version=\u00bb4.27.4&#8243; _module_preset=\u00bbdefault\u00bb width=\u00bb90%\u00bb global_colors_info=\u00bb{}\u00bb custom_padding=\u00bb||2px|||\u00bb][et_pb_column type=\u00bb3_4&#8243; _builder_version=\u00bb4.27.4&#8243; _module_preset=\u00bbdefault\u00bb global_colors_info=\u00bb{}\u00bb][et_pb_text _builder_version=\u00bb4.27.4&#8243; _module_preset=\u00bbdefault\u00bb text_font=\u00bbLato||||||||\u00bb text_font_size=\u00bb16px\u00bb global_colors_info=\u00bb{}\u00bb]<\/p>\n<p>La Unidad de V\u00ednculos con la Comunidad Egresada y Empleadores (UVCE) tiene como objetivo apoyar a las carreras y programas de pre y postgrado, como asimismo a las t\u00e9cnicas, en el seguimiento y v\u00ednculo con sus egresados\/as y empleadores\/as de profesionales UPLA, a trav\u00e9s de tres ejes fundamentales:<\/p>\n<ul>\n<li style=\"list-style-type: none;\">\n<ul>\n<li style=\"list-style-type: none;\">\n<ul>\n<li>Seguimiento<\/li>\n<li>Vinculaci\u00f3n y Construcci\u00f3n de comunidad<\/li>\n<li>Retroalimentaci\u00f3n del proceso formativo y empleabilidad<\/li>\n<\/ul>\n<\/li>\n<\/ul>\n<\/li>\n<\/ul>\n<p>Esto permite apoyar los procesos de aseguramiento de la calidad en la formaci\u00f3n, propiciar el establecimiento de alianzas con organizaciones externas para favorecer la inserci\u00f3n laboral de egresados y egresadas, potenciando la relaci\u00f3n de la Universidad con agentes del territorio.<\/p>\n<p>[\/et_pb_text][\/et_pb_column][et_pb_column type=\u00bb1_4&#8243; _builder_version=\u00bb4.27.4&#8243; _module_preset=\u00bbdefault\u00bb global_colors_info=\u00bb{}\u00bb][et_pb_text admin_label=\u00bbInfo profesional a cargo\u00bb _builder_version=\u00bb4.27.4&#8243; _module_preset=\u00bbdefault\u00bb text_font=\u00bbLato||||||||\u00bb text_font_size=\u00bb16px\u00bb background_color=\u00bb#f2f2f2&#8243; custom_padding=\u00bb5%|5%|5%|5%|true|true\u00bb global_colors_info=\u00bb{}\u00bb]<\/p>\n<h1>Profesional a cargo<\/h1>\n<p><span style=\"color: #0097da;\"><strong>Coordinadora<\/strong><\/span><br \/>Daniela Casanueva Vald\u00e9s<\/p>\n<p>Tel\u00e9fono: +56 32 3305094<br \/>Anexo Interno: 5094<br \/><a href=\"mailto:egresados@upla.cl\">egresados@upla.cl<\/a><\/p>\n<p><a href=\"https:\/\/upla.cl\/vinculacion\/equipo\/#uvce\" title=\"Redirige a la p\u00e1gina de equipo, secci\u00f3n UVCE\">Conoce al equipo aqu\u00ed<\/a><\/p>\n<p>[\/et_pb_text][et_pb_text _builder_version=\u00bb4.27.4&#8243; _module_preset=\u00bbdefault\u00bb text_font=\u00bbLato||||||||\u00bb text_font_size=\u00bb16px\u00bb global_colors_info=\u00bb{}\u00bb]<\/p>\n<h1>Documentos de inter\u00e9s:<\/h1>\n<ul>\n<li><a href=\"https:\/\/upla.cl\/vinculacion\/wp-content\/uploads\/2025\/03\/2024_Decreto-Exento-0869-2024-Mod.-dex.1470-2007-Unidad-Vinculos-con-la-Comunidad-egresada-Empleadores-y-establ.-estruc.y-funciones.pdf\" target=\"_blank\" rel=\"noopener\">[DESCARGAR]<\/a> Decreto exento 0869\/2024<\/li>\n<\/ul>\n<p>[\/et_pb_text][\/et_pb_column][\/et_pb_row][et_pb_row _builder_version=\u00bb4.27.4&#8243; _module_preset=\u00bbdefault\u00bb width=\u00bb90%\u00bb global_colors_info=\u00bb{}\u00bb][et_pb_column type=\u00bb4_4&#8243; _builder_version=\u00bb4.27.4&#8243; _module_preset=\u00bbdefault\u00bb global_colors_info=\u00bb{}\u00bb][et_pb_heading title=\u00bbSitios de inter\u00e9s\u00bb _builder_version=\u00bb4.27.4&#8243; _module_preset=\u00bbdefault\u00bb title_font=\u00bbLato||||||||\u00bb global_colors_info=\u00bb{}\u00bb][\/et_pb_heading][\/et_pb_column][\/et_pb_row][et_pb_row column_structure=\u00bb1_4,1_4,1_4,1_4&#8243; _builder_version=\u00bb4.27.4&#8243; _module_preset=\u00bbdefault\u00bb width=\u00bb90%\u00bb custom_padding=\u00bb0px||0px||true|false\u00bb global_colors_info=\u00bb{}\u00bb][et_pb_column type=\u00bb1_4&#8243; _builder_version=\u00bb4.27.4&#8243; _module_preset=\u00bbdefault\u00bb custom_padding=\u00bb||||false|false\u00bb global_colors_info=\u00bb{}\u00bb][et_pb_button button_url=\u00bbhttps:\/\/acceso.upla.cl\/sinte\/login.aspx\u00bb url_new_window=\u00bbon\u00bb button_text=\u00bbPortal de Egresados\u00bb button_alignment=\u00bbcenter\u00bb _builder_version=\u00bb4.27.4&#8243; _module_preset=\u00bbdefault\u00bb custom_button=\u00bbon\u00bb button_text_size=\u00bb28px\u00bb button_bg_color=\u00bb#0097da\u00bb button_font=\u00bbLato|700|||||||\u00bb button_use_icon=\u00bboff\u00bb background_layout=\u00bbdark\u00bb hover_enabled=\u00bb0&#8243; global_colors_info=\u00bb{}\u00bb title_text=\u00bbEncuentro Egresados y Empleadores 2024&#8243; button_bg_image=\u00bbhttps:\/\/upla.cl\/vinculacion\/wp-content\/uploads\/2024\/11\/1.jpg\u00bb button_bg_blend=\u00bbmultiply\u00bb button_border_width=\u00bb0px\u00bb box_shadow_style=\u00bbpreset2&#8243; sticky_enabled=\u00bb0&#8243; button_border_radius=\u00bb15px\u00bb][\/et_pb_button][\/et_pb_column][et_pb_column type=\u00bb1_4&#8243; _builder_version=\u00bb4.27.4&#8243; _module_preset=\u00bbdefault\u00bb global_colors_info=\u00bb{}\u00bb][et_pb_button button_url=\u00bbhttps:\/\/upla.cl\/egresados\/\u00bb url_new_window=\u00bbon\u00bb button_text=\u00bbSitio web Egresados\u00bb button_alignment=\u00bbcenter\u00bb _builder_version=\u00bb4.27.4&#8243; _module_preset=\u00bbdefault\u00bb custom_button=\u00bbon\u00bb button_text_size=\u00bb28px\u00bb button_bg_color=\u00bb#0097da\u00bb button_font=\u00bbLato|700|||||||\u00bb button_use_icon=\u00bboff\u00bb background_layout=\u00bbdark\u00bb hover_enabled=\u00bb0&#8243; global_colors_info=\u00bb{}\u00bb alt=\u00bbEncuentro Egresados y Empleadores CSF\u00bb title_text=\u00bbEncuentro Egresados y Empleadores CSF\u00bb button_bg_image=\u00bbhttps:\/\/upla.cl\/vinculacion\/wp-content\/uploads\/2025\/11\/4.jpg\u00bb button_bg_blend=\u00bbmultiply\u00bb sticky_enabled=\u00bb0&#8243; button_border_radius=\u00bb15px\u00bb box_shadow_style=\u00bbpreset2&#8243; button_border_width=\u00bb0px\u00bb][\/et_pb_button][\/et_pb_column][et_pb_column type=\u00bb1_4&#8243; _builder_version=\u00bb4.27.4&#8243; _module_preset=\u00bbdefault\u00bb global_colors_info=\u00bb{}\u00bb][et_pb_button button_url=\u00bbhttps:\/\/upla.cl\/egresados\/beneficios-y-convenios\/\u00bb url_new_window=\u00bbon\u00bb button_text=\u00bbCat\u00e1logos de Convenios\u00bb button_alignment=\u00bbcenter\u00bb _builder_version=\u00bb4.27.4&#8243; _module_preset=\u00bbdefault\u00bb custom_button=\u00bbon\u00bb button_text_size=\u00bb28px\u00bb button_bg_color=\u00bb#0097da\u00bb button_font=\u00bbLato|700|||||||\u00bb button_use_icon=\u00bboff\u00bb background_layout=\u00bbdark\u00bb custom_padding=\u00bb||9px|28px||\u00bb hover_enabled=\u00bb0&#8243; global_colors_info=\u00bb{}\u00bb title_text=\u00bbcatalogo\u00bb button_bg_image=\u00bbhttps:\/\/upla.cl\/vinculacion\/wp-content\/uploads\/2025\/12\/catalogo.jpg\u00bb button_bg_blend=\u00bbmultiply\u00bb button_border_width=\u00bb0px\u00bb button_border_radius=\u00bb15px\u00bb box_shadow_style=\u00bbpreset2&#8243; sticky_enabled=\u00bb0&#8243; width=\u00bb336.4px\u00bb custom_margin=\u00bb|||-27px||\u00bb button_text_color=\u00bb#ffffff\u00bb][\/et_pb_button][\/et_pb_column][et_pb_column type=\u00bb1_4&#8243; _builder_version=\u00bb4.27.4&#8243; _module_preset=\u00bbdefault\u00bb global_colors_info=\u00bb{}\u00bb][et_pb_button button_url=\u00bbhttps:\/\/upla.cl\/egresados\/revista-enred\/\u00bb url_new_window=\u00bbon\u00bb button_text=\u00bbRevista EnRED\u00bb button_alignment=\u00bbcenter\u00bb _builder_version=\u00bb4.27.4&#8243; _module_preset=\u00bbdefault\u00bb custom_button=\u00bbon\u00bb button_text_size=\u00bb28px\u00bb button_bg_color=\u00bb#0097da\u00bb button_font=\u00bbLato|700|||||||\u00bb button_use_icon=\u00bboff\u00bb background_layout=\u00bbdark\u00bb hover_enabled=\u00bb0&#8243; global_colors_info=\u00bb{}\u00bb title_text=\u00bbRevista EnRED N\u00ba1&#8243; button_bg_image=\u00bbhttps:\/\/upla.cl\/vinculacion\/wp-content\/uploads\/2025\/12\/Revista-EnRED-No1-1.jpg\u00bb button_bg_blend=\u00bbmultiply\u00bb button_border_width=\u00bb0px\u00bb button_border_radius=\u00bb15px\u00bb box_shadow_style=\u00bbpreset2&#8243; sticky_enabled=\u00bb0&#8243;][\/et_pb_button][\/et_pb_column][\/et_pb_row][\/et_pb_section]<\/p>\n","protected":false},"excerpt":{"rendered":"<p>La Unidad de V\u00ednculos con la Comunidad Egresada y Empleadores (UVCE) de la Universidad de Playa Ancha tiene como objetivo apoyar a las carreras y programas de pre y postgrado, como asimismo a las t\u00e9cnicas, en el seguimiento y v\u00ednculo con sus egresados\/as y empleadores\/as de profesionales UPLA.<\/p>\n","protected":false},"author":8,"featured_media":0,"parent":0,"menu_order":0,"comment_status":"closed","ping_status":"closed","template":"","meta":{"_et_pb_use_builder":"on","_et_pb_old_content":"","_et_gb_content_width":"","_price":"","_stock":"","_tribe_ticket_header":"","_tribe_default_ticket_provider":"","_tribe_ticket_capacity":"0","_ticket_start_date":"","_ticket_end_date":"","_tribe_ticket_show_description":"","_tribe_ticket_show_not_going":false,"_tribe_ticket_use_global_stock":"","_tribe_ticket_global_stock_level":"","_global_stock_mode":"","_global_stock_cap":"","_tribe_rsvp_for_event":"","_tribe_ticket_going_count":"","_tribe_ticket_not_going_count":"","_tribe_tickets_list":"[]","_tribe_ticket_has_attendee_info_fields":false,"footnotes":"","_tec_slr_enabled":"","_tec_slr_layout":""},"class_list":["post-17228899","page","type-page","status-publish","hentry"],"ticketed":false,"_links":{"self":[{"href":"https:\/\/upla.cl\/vinculacion\/wp-json\/wp\/v2\/pages\/17228899","targetHints":{"allow":["GET"]}}],"collection":[{"href":"https:\/\/upla.cl\/vinculacion\/wp-json\/wp\/v2\/pages"}],"about":[{"href":"https:\/\/upla.cl\/vinculacion\/wp-json\/wp\/v2\/types\/page"}],"author":[{"embeddable":true,"href":"https:\/\/upla.cl\/vinculacion\/wp-json\/wp\/v2\/users\/8"}],"replies":[{"embeddable":true,"href":"https:\/\/upla.cl\/vinculacion\/wp-json\/wp\/v2\/comments?post=17228899"}],"version-history":[{"count":23,"href":"https:\/\/upla.cl\/vinculacion\/wp-json\/wp\/v2\/pages\/17228899\/revisions"}],"predecessor-version":[{"id":17231911,"href":"https:\/\/upla.cl\/vinculacion\/wp-json\/wp\/v2\/pages\/17228899\/revisions\/17231911"}],"wp:attachment":[{"href":"https:\/\/upla.cl\/vinculacion\/wp-json\/wp\/v2\/media?parent=17228899"}],"curies":[{"name":"wp","href":"https:\/\/api.w.org\/{rel}","templated":true}]}}