{"id":17229901,"date":"2025-11-18T13:04:19","date_gmt":"2025-11-18T16:04:19","guid":{"rendered":"https:\/\/upla.cl\/vinculacion\/?page_id=17229901"},"modified":"2025-12-16T08:44:26","modified_gmt":"2025-12-16T11:44:26","slug":"simone","status":"publish","type":"page","link":"https:\/\/upla.cl\/vinculacion\/simone\/","title":{"rendered":"SIMONE: Sistema de Monitoreo y An\u00e1lisis del Entorno"},"content":{"rendered":"<p>[et_pb_section fb_built=\u00bb1&#8243; fullwidth=\u00bbon\u00bb _builder_version=\u00bb4.27.4&#8243; _module_preset=\u00bbdefault\u00bb global_colors_info=\u00bb{}\u00bb][et_pb_fullwidth_header title=\u00bbSIMONE\u00bb subhead=\u00bbSistema de Monitoreo y An\u00e1lisis del Entorno\u00bb _builder_version=\u00bb4.27.4&#8243; _module_preset=\u00bbdefault\u00bb title_font=\u00bbLato|700|||||||\u00bb title_font_size=\u00bb50px\u00bb subhead_font=\u00bbLato||||||||\u00bb subhead_font_size=\u00bb30px\u00bb background_color=\u00bb#975195&#8243; background_image=\u00bbhttps:\/\/upla.cl\/vinculacion\/wp-content\/uploads\/2025\/10\/UAR-scaled.jpeg\u00bb background_blend=\u00bbmultiply\u00bb custom_padding=\u00bb10%||10%||true|false\u00bb global_colors_info=\u00bb{}\u00bb][\/et_pb_fullwidth_header][\/et_pb_section][et_pb_section fb_built=\u00bb1&#8243; specialty=\u00bbon\u00bb _builder_version=\u00bb4.27.4&#8243; _module_preset=\u00bbdefault\u00bb inner_width=\u00bb90%\u00bb global_colors_info=\u00bb{}\u00bb][et_pb_column type=\u00bb1_2&#8243; specialty_columns=\u00bb2&#8243; _builder_version=\u00bb4.16&#8243; custom_padding=\u00bb|||\u00bb global_colors_info=\u00bb{}\u00bb custom_padding__hover=\u00bb|||\u00bb][et_pb_row_inner _builder_version=\u00bb4.27.4&#8243; _module_preset=\u00bbdefault\u00bb global_colors_info=\u00bb{}\u00bb][et_pb_column_inner saved_specialty_column_type=\u00bb1_2&#8243; _builder_version=\u00bb4.27.4&#8243; _module_preset=\u00bbdefault\u00bb global_colors_info=\u00bb{}\u00bb][et_pb_text _builder_version=\u00bb4.27.4&#8243; _module_preset=\u00bbdefault\u00bb text_font=\u00bbLato||||||||\u00bb text_font_size=\u00bb16px\u00bb global_colors_info=\u00bb{}\u00bb]SIMONE es una plataforma digital que proveer\u00e1 informaci\u00f3n relevante a las unidades acad\u00e9micas, identificando problem\u00e1ticas sociales y culturales del territorio -tanto a nivel local, comunal y regional-, detectando oportunidades para generar un trabajo colaborativo con actores relevantes del entorno.Se ha estructurado como un repositorio de antecedentes de diversos \u00e1mbitos de desarrollo sectorial, como leyes, marcos normativos, pol\u00edticas p\u00fablicas asociadas, caracter\u00edsticas geogr\u00e1ficas, productivas y demogr\u00e1ficas del lugar y demanda de instituciones p\u00fablicas y privadas, que permitan a acad\u00e9micos\/as y estudiantes contar con insumos fiables y actualizados para la elaboraci\u00f3n y desarrollo de proyectos de vinculaci\u00f3n con el medio.<\/p>\n<p>Cada nivel de informaci\u00f3n contar\u00e1 con links para visitar los sitios y adem\u00e1s con una pesta\u00f1a de descarga de material, en caso de que se requiera visualizar con mayor detalle, as\u00ed como informaci\u00f3n relevante y contactos de los organismos ejecutantes, tanto de la Universidad como de la entidad p\u00fablica con la cual se est\u00e1 haciendo el v\u00ednculo. Como una forma de proyectar el trabajo, se pretende incluir en una fase posterior elementos prospectivos del proyecto en ejecuci\u00f3n.<\/p>\n<p>Esta herramienta digital ser\u00e1 alimentada en forma peri\u00f3dica, de manera de ir actualizando informaci\u00f3n de car\u00e1cter interno (un nuevo proyecto universitario, una segunda fase de la iniciativa, etc.), tanto como externo (cambio en la demanda del territorio, nuevas normas o pol\u00edticas p\u00fablicas de nivel nacional o regional que incidan en el proyecto).[\/et_pb_text][\/et_pb_column_inner][\/et_pb_row_inner][\/et_pb_column][et_pb_column type=\u00bb1_2&#8243; _builder_version=\u00bb4.16&#8243; custom_padding=\u00bb|||\u00bb global_colors_info=\u00bb{}\u00bb custom_padding__hover=\u00bb|||\u00bb][et_pb_gallery gallery_ids=\u00bb17229905&#8243; fullwidth=\u00bbon\u00bb _builder_version=\u00bb4.27.4&#8243; _module_preset=\u00bbdefault\u00bb hover_enabled=\u00bb0&#8243; global_colors_info=\u00bb{}\u00bb sticky_enabled=\u00bb0&#8243;][\/et_pb_gallery][\/et_pb_column][\/et_pb_section][et_pb_section fb_built=\u00bb1&#8243; admin_label=\u00bbsecci\u00f3n bot\u00f3n\u00bb _builder_version=\u00bb4.27.4&#8243; _module_preset=\u00bbdefault\u00bb background_color=\u00bb#975195&#8243; background_image=\u00bbhttps:\/\/upla.cl\/vinculacion\/wp-content\/uploads\/2025\/10\/UAR-scaled.jpeg\u00bb background_blend=\u00bbmultiply\u00bb custom_margin=\u00bb0px||0px||true|false\u00bb custom_padding=\u00bb0px||0px||true|false\u00bb global_colors_info=\u00bb{}\u00bb][et_pb_row _builder_version=\u00bb4.27.4&#8243; _module_preset=\u00bbdefault\u00bb hover_enabled=\u00bb0&#8243; global_colors_info=\u00bb{}\u00bb sticky_enabled=\u00bb0&#8243;][et_pb_column type=\u00bb4_4&#8243; _builder_version=\u00bb4.27.4&#8243; _module_preset=\u00bbdefault\u00bb global_colors_info=\u00bb{}\u00bb][et_pb_button button_url=\u00bbhttps:\/\/simone.upla.cl\/\u00bb button_text=\u00bbAccede a SIMONE\u00bb button_alignment=\u00bbcenter\u00bb admin_label=\u00bbBot\u00f3n SIMONE\u00bb _builder_version=\u00bb4.27.4&#8243; _module_preset=\u00bbdefault\u00bb custom_button=\u00bbon\u00bb button_text_size=\u00bb40px\u00bb button_font=\u00bbLato|700|||||||\u00bb button_icon=\u00bb&#xf25a;||fa||900&#8243; background_layout=\u00bbdark\u00bb custom_margin=\u00bb0px||0px||true|false\u00bb custom_padding=\u00bb0px||0px||true|false\u00bb hover_enabled=\u00bb0&#8243; global_colors_info=\u00bb{}\u00bb url_new_window=\u00bbon\u00bb sticky_enabled=\u00bb0&#8243;][\/et_pb_button][\/et_pb_column][\/et_pb_row][\/et_pb_section][et_pb_section fb_built=\u00bb1&#8243; _builder_version=\u00bb4.27.4&#8243; _module_preset=\u00bbdefault\u00bb global_colors_info=\u00bb{}\u00bb][et_pb_row _builder_version=\u00bb4.27.4&#8243; _module_preset=\u00bbdefault\u00bb global_colors_info=\u00bb{}\u00bb][et_pb_column type=\u00bb4_4&#8243; _builder_version=\u00bb4.27.4&#8243; _module_preset=\u00bbdefault\u00bb global_colors_info=\u00bb{}\u00bb][et_pb_video_slider show_image_overlay=\u00bbon\u00bb show_arrows=\u00bboff\u00bb _builder_version=\u00bb4.27.4&#8243; _module_preset=\u00bbdefault\u00bb global_colors_info=\u00bb{}\u00bb][et_pb_video_slider_item admin_title=\u00bbvideos\u00bb src=\u00bbhttps:\/\/youtu.be\/x56AOdybJ1k?si=QKBUeGDWcHD9i6Ra\u00bb src_webm=\u00bbhttps:\/\/youtu.be\/x56AOdybJ1k?si=QKBUeGDWcHD9i6Ra\u00bb _builder_version=\u00bb4.27.4&#8243; _module_preset=\u00bbdefault\u00bb global_colors_info=\u00bb{}\u00bb show_image_overlay=\u00bbon\u00bb][\/et_pb_video_slider_item][\/et_pb_video_slider][\/et_pb_column][\/et_pb_row][\/et_pb_section]<\/p>\n","protected":false},"excerpt":{"rendered":"<p>SIMONE es una plataforma digital que proveer\u00e1 informaci\u00f3n relevante a las unidades acad\u00e9micas, identificando problem\u00e1ticas sociales y culturales del territorio -tanto a nivel local, comunal y regional-, detectando oportunidades para generar un trabajo colaborativo con actores relevantes del entorno.<\/p>\n","protected":false},"author":8,"featured_media":0,"parent":0,"menu_order":0,"comment_status":"closed","ping_status":"closed","template":"","meta":{"_et_pb_use_builder":"on","_et_pb_old_content":"","_et_gb_content_width":"","_price":"","_stock":"","_tribe_ticket_header":"","_tribe_default_ticket_provider":"","_tribe_ticket_capacity":"0","_ticket_start_date":"","_ticket_end_date":"","_tribe_ticket_show_description":"","_tribe_ticket_show_not_going":false,"_tribe_ticket_use_global_stock":"","_tribe_ticket_global_stock_level":"","_global_stock_mode":"","_global_stock_cap":"","_tribe_rsvp_for_event":"","_tribe_ticket_going_count":"","_tribe_ticket_not_going_count":"","_tribe_tickets_list":"[]","_tribe_ticket_has_attendee_info_fields":false,"footnotes":"","_tec_slr_enabled":"","_tec_slr_layout":""},"class_list":["post-17229901","page","type-page","status-publish","hentry"],"ticketed":false,"_links":{"self":[{"href":"https:\/\/upla.cl\/vinculacion\/wp-json\/wp\/v2\/pages\/17229901","targetHints":{"allow":["GET"]}}],"collection":[{"href":"https:\/\/upla.cl\/vinculacion\/wp-json\/wp\/v2\/pages"}],"about":[{"href":"https:\/\/upla.cl\/vinculacion\/wp-json\/wp\/v2\/types\/page"}],"author":[{"embeddable":true,"href":"https:\/\/upla.cl\/vinculacion\/wp-json\/wp\/v2\/users\/8"}],"replies":[{"embeddable":true,"href":"https:\/\/upla.cl\/vinculacion\/wp-json\/wp\/v2\/comments?post=17229901"}],"version-history":[{"count":8,"href":"https:\/\/upla.cl\/vinculacion\/wp-json\/wp\/v2\/pages\/17229901\/revisions"}],"predecessor-version":[{"id":17231764,"href":"https:\/\/upla.cl\/vinculacion\/wp-json\/wp\/v2\/pages\/17229901\/revisions\/17231764"}],"wp:attachment":[{"href":"https:\/\/upla.cl\/vinculacion\/wp-json\/wp\/v2\/media?parent=17229901"}],"curies":[{"name":"wp","href":"https:\/\/api.w.org\/{rel}","templated":true}]}}