{"id":17229909,"date":"2025-12-04T16:14:05","date_gmt":"2025-12-04T19:14:05","guid":{"rendered":"https:\/\/upla.cl\/vinculacion\/?page_id=17229909"},"modified":"2026-04-07T09:17:23","modified_gmt":"2026-04-07T13:17:23","slug":"espacio-creativo","status":"publish","type":"page","link":"https:\/\/upla.cl\/vinculacion\/espacio-creativo\/","title":{"rendered":"Espacio de Aprendizaje Creativo Infantil y Juvenil para Valpara\u00edso"},"content":{"rendered":"<p>[et_pb_section fb_built=\u00bb1&#8243; inner_shadow=\u00bbon\u00bb fullwidth=\u00bbon\u00bb admin_label=\u00bbCabecera\u00bb _builder_version=\u00bb4.27.4&#8243; _module_preset=\u00bbdefault\u00bb background_enable_image=\u00bboff\u00bb global_colors_info=\u00bb{}\u00bb][et_pb_fullwidth_header _builder_version=\u00bb4.27.4&#8243; _module_preset=\u00bbdefault\u00bb title_font=\u00bbLato|700|||||||\u00bb title_text_align=\u00bbleft\u00bb title_font_size=\u00bb50px\u00bb background_color=\u00bbRGBA(255,255,255,0)\u00bb background_image=\u00bbhttps:\/\/upla.cl\/vinculacion\/wp-content\/uploads\/2025\/11\/ESPACIO-CREATIVO-06-1.png\u00bb background_size=\u00bbstretch\u00bb background_blend=\u00bbmultiply\u00bb custom_padding=\u00bb10%||10%||true|false\u00bb global_colors_info=\u00bb{}\u00bb][\/et_pb_fullwidth_header][\/et_pb_section][et_pb_section fb_built=\u00bb1&#8243; admin_label=\u00bbCuerpo\u00bb _builder_version=\u00bb4.27.4&#8243; _module_preset=\u00bbdefault\u00bb custom_padding=\u00bb0px||0px||true|false\u00bb global_colors_info=\u00bb{}\u00bb][et_pb_row column_structure=\u00bb3_4,1_4&#8243; _builder_version=\u00bb4.27.4&#8243; _module_preset=\u00bbdefault\u00bb width=\u00bb90%\u00bb global_colors_info=\u00bb{}\u00bb][et_pb_column type=\u00bb3_4&#8243; _builder_version=\u00bb4.27.4&#8243; _module_preset=\u00bbdefault\u00bb global_colors_info=\u00bb{}\u00bb][et_pb_text _builder_version=\u00bb4.27.4&#8243; _module_preset=\u00bbdefault\u00bb text_font=\u00bbLato||||||||\u00bb text_font_size=\u00bb16px\u00bb global_colors_info=\u00bb{}\u00bb]El Espacio de Aprendizaje Creativo Infantil y Juvenil para Valpara\u00edso es un lugar que propicia el encuentro l\u00fadico, did\u00e1ctico y placentero entre los ni\u00f1os, ni\u00f1as y j\u00f3venes que lo visitan y los libros, en sus m\u00e1s diversos formatos, estilo y tem\u00e1ticas.<\/p>\n<p>De este modo, el Espacio de Aprendizaje Creativo Infantil y Juvenil para Valpara\u00edso cuenta con una colecci\u00f3n de casi mil libros y revistas que, en conjunto, buscan responder a las distintas necesidades de exploraci\u00f3n literaria e informativa de ni\u00f1os, ni\u00f1as y j\u00f3venes, contribuyendo al desarrollo del h\u00e1bito lector. El Espacio de Aprendizaje Creativo Infantil y Juvenil para Valpara\u00edso perteneciente a la Direcci\u00f3n General de Vinculaci\u00f3n con el Medio y al  Sistema de Bibliotecas de la Universidad de Playa Ancha, se ubica en el Parque Cultural de Valpara\u00edso a partir de una alianza de colaboraci\u00f3n sostenida entre ambas instituciones. <\/p>\n<p>El Espacio de Aprendizaje Creativo responde a la Pol\u00edtica de Vinculaci\u00f3n con el Medio y su compromiso con la extensi\u00f3n art\u00edstico cultural, bajo la convicci\u00f3n de democratizar el acceso y derecho a los recursos culturales que propician los libros y la lectura.[\/et_pb_text][\/et_pb_column][et_pb_column type=\u00bb1_4&#8243; _builder_version=\u00bb4.27.4&#8243; _module_preset=\u00bbdefault\u00bb global_colors_info=\u00bb{}\u00bb][et_pb_text admin_label=\u00bbInfo profesional a cargo\u00bb _builder_version=\u00bb4.27.4&#8243; _module_preset=\u00bbdefault\u00bb text_font=\u00bbLato||||||||\u00bb text_font_size=\u00bb16px\u00bb background_color=\u00bb#f2f2f2&#8243; custom_margin=\u00bb||||true|false\u00bb custom_padding=\u00bb5%|5%|5%|5%|true|true\u00bb global_colors_info=\u00bb{}\u00bb]<\/p>\n<h1>Profesional a cargo<\/h1>\n<p><b>Sebasti\u00e1n Veloso<\/b><\/p>\n<p>Correo electr\u00f3nico<br \/><a href=\"mailto:sebastian.veloso@upla.cl\">sebastian.veloso@upla.cl<\/a><\/p>\n<p>[\/et_pb_text][\/et_pb_column][\/et_pb_row][\/et_pb_section][et_pb_section fb_built=\u00bb1&#8243; _builder_version=\u00bb4.27.4&#8243; _module_preset=\u00bbdefault\u00bb global_colors_info=\u00bb{}\u00bb][et_pb_row _builder_version=\u00bb4.27.4&#8243; _module_preset=\u00bbdefault\u00bb global_colors_info=\u00bb{}\u00bb][et_pb_column type=\u00bb4_4&#8243; _builder_version=\u00bb4.27.4&#8243; _module_preset=\u00bbdefault\u00bb global_colors_info=\u00bb{}\u00bb][et_pb_video_slider _builder_version=\u00bb4.27.4&#8243; _module_preset=\u00bbdefault\u00bb global_colors_info=\u00bb{}\u00bb][et_pb_video_slider_item src=\u00bbhttps:\/\/youtu.be\/OPQvkjSlgME?si=bNry59r3DEEzlLSo\u00bb src_webm=\u00bbhttps:\/\/youtu.be\/OPQvkjSlgME?si=bNry59r3DEEzlLSo\u00bb _builder_version=\u00bb4.27.4&#8243; _module_preset=\u00bbdefault\u00bb global_colors_info=\u00bb{}\u00bb show_image_overlay=\u00bboff\u00bb][\/et_pb_video_slider_item][et_pb_video_slider_item src=\u00bbhttps:\/\/youtu.be\/z3_igyIDk2o?si=AxTPCjRfqNsLhLkz\u00bb src_webm=\u00bbhttps:\/\/youtu.be\/z3_igyIDk2o?si=AxTPCjRfqNsLhLkz\u00bb _builder_version=\u00bb4.27.4&#8243; _module_preset=\u00bbdefault\u00bb global_colors_info=\u00bb{}\u00bb show_image_overlay=\u00bboff\u00bb][\/et_pb_video_slider_item][et_pb_video_slider_item src=\u00bbhttps:\/\/youtu.be\/edGu3VszGxc?si=GepKmD9Qgl8uYVVs\u00bb src_webm=\u00bbhttps:\/\/youtu.be\/edGu3VszGxc?si=GepKmD9Qgl8uYVVs\u00bb _builder_version=\u00bb4.27.4&#8243; _module_preset=\u00bbdefault\u00bb global_colors_info=\u00bb{}\u00bb show_image_overlay=\u00bboff\u00bb][\/et_pb_video_slider_item][et_pb_video_slider_item src=\u00bbhttps:\/\/youtu.be\/SEOAoTxKzlM?si=4DNTHpCbGjxjf4fm\u00bb src_webm=\u00bbhttps:\/\/youtu.be\/SEOAoTxKzlM?si=4DNTHpCbGjxjf4fm\u00bb _builder_version=\u00bb4.27.4&#8243; _module_preset=\u00bbdefault\u00bb global_colors_info=\u00bb{}\u00bb show_image_overlay=\u00bboff\u00bb][\/et_pb_video_slider_item][et_pb_video_slider_item src=\u00bbhttps:\/\/youtu.be\/ikIipM1XN38?si=wfZAsU74XVh25HCN\u00bb src_webm=\u00bbhttps:\/\/youtu.be\/ikIipM1XN38?si=wfZAsU74XVh25HCN\u00bb _builder_version=\u00bb4.27.4&#8243; _module_preset=\u00bbdefault\u00bb global_colors_info=\u00bb{}\u00bb show_image_overlay=\u00bboff\u00bb][\/et_pb_video_slider_item][\/et_pb_video_slider][\/et_pb_column][\/et_pb_row][\/et_pb_section]<\/p>\n","protected":false},"excerpt":{"rendered":"<p>El Espacio de Aprendizaje Creativo Infantil y Juvenil para Valpara\u00edso es un lugar que propicia el encuentro l\u00fadico, did\u00e1ctico y placentero entre los ni\u00f1os, ni\u00f1as y j\u00f3venes que lo visitan y los libros, en sus m\u00e1s diversos formatos, estilo y tem\u00e1ticas.<\/p>\n","protected":false},"author":8,"featured_media":0,"parent":0,"menu_order":0,"comment_status":"closed","ping_status":"closed","template":"","meta":{"_et_pb_use_builder":"on","_et_pb_old_content":"","_et_gb_content_width":"","_price":"","_stock":"","_tribe_ticket_header":"","_tribe_default_ticket_provider":"","_tribe_ticket_capacity":"0","_ticket_start_date":"","_ticket_end_date":"","_tribe_ticket_show_description":"","_tribe_ticket_show_not_going":false,"_tribe_ticket_use_global_stock":"","_tribe_ticket_global_stock_level":"","_global_stock_mode":"","_global_stock_cap":"","_tribe_rsvp_for_event":"","_tribe_ticket_going_count":"","_tribe_ticket_not_going_count":"","_tribe_tickets_list":"[]","_tribe_ticket_has_attendee_info_fields":false,"footnotes":"","_tec_slr_enabled":"","_tec_slr_layout":""},"class_list":["post-17229909","page","type-page","status-publish","hentry"],"ticketed":false,"_links":{"self":[{"href":"https:\/\/upla.cl\/vinculacion\/wp-json\/wp\/v2\/pages\/17229909","targetHints":{"allow":["GET"]}}],"collection":[{"href":"https:\/\/upla.cl\/vinculacion\/wp-json\/wp\/v2\/pages"}],"about":[{"href":"https:\/\/upla.cl\/vinculacion\/wp-json\/wp\/v2\/types\/page"}],"author":[{"embeddable":true,"href":"https:\/\/upla.cl\/vinculacion\/wp-json\/wp\/v2\/users\/8"}],"replies":[{"embeddable":true,"href":"https:\/\/upla.cl\/vinculacion\/wp-json\/wp\/v2\/comments?post=17229909"}],"version-history":[{"count":10,"href":"https:\/\/upla.cl\/vinculacion\/wp-json\/wp\/v2\/pages\/17229909\/revisions"}],"predecessor-version":[{"id":17231533,"href":"https:\/\/upla.cl\/vinculacion\/wp-json\/wp\/v2\/pages\/17229909\/revisions\/17231533"}],"wp:attachment":[{"href":"https:\/\/upla.cl\/vinculacion\/wp-json\/wp\/v2\/media?parent=17229909"}],"curies":[{"name":"wp","href":"https:\/\/api.w.org\/{rel}","templated":true}]}}