{"id":17233691,"date":"2026-03-31T09:53:27","date_gmt":"2026-03-31T12:53:27","guid":{"rendered":"https:\/\/upla.cl\/vinculacion\/?page_id=17233691"},"modified":"2026-04-14T10:33:17","modified_gmt":"2026-04-14T14:33:17","slug":"modelo-vcm","status":"publish","type":"page","link":"https:\/\/upla.cl\/vinculacion\/modelo-vcm\/","title":{"rendered":"Modelo de Gesti\u00f3n"},"content":{"rendered":"<p>[et_pb_section fb_built=\u00bb1&#8243; fullwidth=\u00bbon\u00bb _builder_version=\u00bb4.27.4&#8243; _module_preset=\u00bbdefault\u00bb global_colors_info=\u00bb{}\u00bb][et_pb_fullwidth_header title=\u00bbModelo de Gesti\u00f3n\u00bb subhead=\u00bbde Vinculaci\u00f3n con el Medio \u00bb _builder_version=\u00bb4.27.5&#8243; _module_preset=\u00bbdefault\u00bb title_font=\u00bbLato|700|||||||\u00bb title_font_size=\u00bb50px\u00bb subhead_font=\u00bbLato||||||||\u00bb subhead_font_size=\u00bb30px\u00bb background_image=\u00bbhttps:\/\/upla.cl\/vinculacion\/wp-content\/uploads\/2025\/10\/14443462839_9becd87230_c-700&#215;368-1-1.jpg\u00bb background_blend=\u00bbmultiply\u00bb custom_padding=\u00bb10%||10%||true|false\u00bb global_colors_info=\u00bb{}\u00bb][\/et_pb_fullwidth_header][et_pb_fullwidth_slider _builder_version=\u00bb4.27.5&#8243; _module_preset=\u00bbdefault\u00bb global_colors_info=\u00bb{}\u00bb][\/et_pb_fullwidth_slider][\/et_pb_section][et_pb_section fb_built=\u00bb1&#8243; _builder_version=\u00bb4.27.4&#8243; _module_preset=\u00bbdefault\u00bb custom_padding=\u00bb4px|||||\u00bb global_colors_info=\u00bb{}\u00bb][et_pb_row _builder_version=\u00bb4.27.5&#8243; _module_preset=\u00bbdefault\u00bb width=\u00bb90%\u00bb custom_padding=\u00bb||0px||false|false\u00bb global_colors_info=\u00bb{}\u00bb][et_pb_column type=\u00bb4_4&#8243; _builder_version=\u00bb4.27.4&#8243; _module_preset=\u00bbdefault\u00bb global_colors_info=\u00bb{}\u00bb][et_pb_text _builder_version=\u00bb4.27.5&#8243; _module_preset=\u00bbdefault\u00bb text_font=\u00bbLato||||||||\u00bb text_font_size=\u00bb16px\u00bb global_colors_info=\u00bb{}\u00bb]<\/p>\n<p>El Modelo de Vinculaci\u00f3n con el Medio de la Universidad de Playa Ancha establece el marco estrat\u00e9gico y operativo que orienta la relaci\u00f3n bidireccional entre la instituci\u00f3n y su entorno significativo, fortaleciendo su compromiso con el desarrollo territorial, social y cultural de la Regi\u00f3n de Valpara\u00edso. Este instrumento articula la Vinculaci\u00f3n con el Medio como una funci\u00f3n transversal al quehacer universitario, integrando docencia, investigaci\u00f3n, creaci\u00f3n e innovaci\u00f3n, en coherencia con la Pol\u00edtica Institucional y los lineamientos de calidad vigentes.<\/p>\n<p>A trav\u00e9s de una estructura de gobernanza, planificaci\u00f3n, seguimiento y mejora continua, el modelo permite gestionar de manera sistem\u00e1tica las acciones desarrolladas con actores territoriales relevantes, comunidades, egresadas y egresados, y empleadores, promoviendo la co-construcci\u00f3n de conocimientos y soluciones pertinentes a las necesidades del territorio.<\/p>\n<p>[\/et_pb_text][et_pb_heading title=\u00bbObjetivo general\u00bb _builder_version=\u00bb4.27.5&#8243; _module_preset=\u00bbdefault\u00bb title_font=\u00bbLato||||||||\u00bb title_text_align=\u00bbleft\u00bb module_alignment=\u00bbleft\u00bb custom_margin=\u00bb||11px|||\u00bb global_colors_info=\u00bb{}\u00bb][\/et_pb_heading][et_pb_text _builder_version=\u00bb4.27.5&#8243; _module_preset=\u00bbdefault\u00bb text_font_size=\u00bb16px\u00bb global_colors_info=\u00bb{}\u00bb]<\/p>\n<p class=\"isSelectedEnd\">Actualizar el Modelo de VcM y su respectivo Modelo de Gesti\u00f3n que articule de forma sist\u00e9mica, coherente y sostenible las acciones desarrolladas por la Universidad de Playa Ancha, asegurando su alineaci\u00f3n con la Pol\u00edtica Institucional de VcM, su integraci\u00f3n con las funciones misionales y su contribuci\u00f3n al desarrollo territorial y al fortalecimiento institucional.<\/p>\n<p>[\/et_pb_text][et_pb_heading title=\u00bbObjetivos espec\u00edficos\u00bb _builder_version=\u00bb4.27.5&#8243; _module_preset=\u00bbdefault\u00bb title_font=\u00bbLato||||||||\u00bb title_text_align=\u00bbleft\u00bb module_alignment=\u00bbleft\u00bb global_colors_info=\u00bb{}\u00bb][\/et_pb_heading][et_pb_text _builder_version=\u00bb4.27.5&#8243; _module_preset=\u00bbdefault\u00bb text_font_size=\u00bb16px\u00bb custom_margin=\u00bb-27px|||||\u00bb global_colors_info=\u00bb{}\u00bb]<\/p>\n<ol>\n<li><strong>Declarar<\/strong> los fundamentos normativos, estrat\u00e9gicos y operacionales que orientan la funci\u00f3n de VcM, en concordancia con la misi\u00f3n institucional de la universidad, la pol\u00edtica vigente del \u00e1rea y el marco legal nacional.<\/li>\n<li><strong>Definir los componentes<\/strong> normativos, estrat\u00e9gicos y operativos del Modelo de VcM y los estructurales del Modelo de Gesti\u00f3n incluyendo roles, responsabilidades, mecanismos de articulaci\u00f3n y gobernanza, que aseguren la coordinaci\u00f3n entre la Universidad y ATR.<\/li>\n<li><strong>Dise\u00f1ar procesos<\/strong> de planificaci\u00f3n, ejecuci\u00f3n, seguimiento, evaluaci\u00f3n y mejora continua de las acciones de VcM, incorporando herramientas de sistematizaci\u00f3n y retroalimentaci\u00f3n que permitan la toma de decisiones y evidencien sus contribuciones internas y externas.<\/li>\n<li><strong>Promover la transversalizaci\u00f3n institucional de la VcM<\/strong> en la formaci\u00f3n y en la investigaci\u00f3n, creaci\u00f3n e innovaci\u00f3n, fortaleciendo su integraci\u00f3n curricular, su articulaci\u00f3n con las l\u00edneas prioritarias de desarrollo y su contribuci\u00f3n al desarrollo territorial.<\/li>\n<li><strong>Asegurar la sostenibilidad del Modelo de Gesti\u00f3n<\/strong>, mediante la planificaci\u00f3n de recursos, la institucionalizaci\u00f3n de procedimientos y la articulaci\u00f3n con el Sistema Interno de Aseguramiento de la Calidad.<\/li>\n<li><strong>Facilitar<\/strong> la apropiaci\u00f3n, comunicaci\u00f3n y actualizaci\u00f3n del Modelo de Gesti\u00f3n a trav\u00e9s de mecanismos formales de participaci\u00f3n, validaci\u00f3n y retroalimentaci\u00f3n con la comunidad universitaria y ATR.<\/li>\n<li><strong>Desarrollar<\/strong> un plan de implementaci\u00f3n del Modelo de Gesti\u00f3n de VcM, mediante indicadores y metas que permitan evidenciar su estado de avance.<\/li>\n<\/ol>\n<p>[\/et_pb_text][\/et_pb_column][\/et_pb_row][et_pb_row column_structure=\u00bb1_2,1_2&#8243; _builder_version=\u00bb4.27.5&#8243; _module_preset=\u00bbdefault\u00bb background_color=\u00bb#f2f2f2&#8243; width=\u00bb90%\u00bb custom_padding=\u00bb0px||||false|false\u00bb global_colors_info=\u00bb{}\u00bb][et_pb_column type=\u00bb1_2&#8243; _builder_version=\u00bb4.27.5&#8243; _module_preset=\u00bbdefault\u00bb global_colors_info=\u00bb{}\u00bb][et_pb_gallery gallery_ids=\u00bb17233753&#8243; fullwidth=\u00bbon\u00bb _builder_version=\u00bb4.27.5&#8243; _module_preset=\u00bbdefault\u00bb custom_padding=\u00bb||0px|||\u00bb global_colors_info=\u00bb{}\u00bb][\/et_pb_gallery][\/et_pb_column][et_pb_column type=\u00bb1_2&#8243; _builder_version=\u00bb4.27.5&#8243; _module_preset=\u00bbdefault\u00bb global_colors_info=\u00bb{}\u00bb][et_pb_gallery gallery_ids=\u00bb17233752&#8243; fullwidth=\u00bbon\u00bb _builder_version=\u00bb4.27.5&#8243; _module_preset=\u00bbdefault\u00bb global_colors_info=\u00bb{}\u00bb][\/et_pb_gallery][\/et_pb_column][\/et_pb_row][et_pb_row column_structure=\u00bb1_4,3_4&#8243; _builder_version=\u00bb4.27.5&#8243; _module_preset=\u00bbdefault\u00bb width=\u00bb90%\u00bb custom_padding=\u00bb||||false|false\u00bb global_colors_info=\u00bb{}\u00bb][et_pb_column type=\u00bb1_4&#8243; _builder_version=\u00bb4.27.5&#8243; _module_preset=\u00bbdefault\u00bb global_colors_info=\u00bb{}\u00bb][et_pb_heading title=\u00bbModelo de Vinculaci\u00f3n con el Medio\u00bb _builder_version=\u00bb4.27.5&#8243; _module_preset=\u00bbdefault\u00bb title_font=\u00bbLato||||||||\u00bb title_text_align=\u00bbright\u00bb module_alignment=\u00bbleft\u00bb custom_margin=\u00bb||-5px||false|false\u00bb custom_padding=\u00bb||||false|false\u00bb global_colors_info=\u00bb{}\u00bb][\/et_pb_heading][et_pb_text _builder_version=\u00bb4.27.5&#8243; _module_preset=\u00bbdefault\u00bb text_font_size=\u00bb16px\u00bb custom_margin=\u00bb||0px||false|false\u00bb global_colors_info=\u00bb{}\u00bb]<\/p>\n<p style=\"text-align: right;\">A continuaci\u00f3n se presenta el Modelo de Vinculaci\u00f3n con el Medio de la Universidad de Playa Ancha. Dicho documento sistematiza el trabajo realizado por nuestra comunidad universitaria para actualizar dicha Pol\u00edtica, decretada el 20 de marzo del 2026 mediante el <a href=\"https:\/\/upla.cl\/vinculacion\/wp-content\/uploads\/2026\/03\/Decreto-Exento-0222-2026-Aprueba-Modelo-VinculaciA\u00b3n-con-el-Medio-de-la-Universidad.pdf\">D.E 0222\/2026.<\/a><\/p>\n<p>[\/et_pb_text][\/et_pb_column][et_pb_column type=\u00bb3_4&#8243; _builder_version=\u00bb4.27.5&#8243; _module_preset=\u00bbdefault\u00bb global_colors_info=\u00bb{}\u00bb][et_pb_code _builder_version=\u00bb4.27.5&#8243; _module_preset=\u00bbdefault\u00bb hover_enabled=\u00bb0&#8243; global_colors_info=\u00bb{}\u00bb sticky_enabled=\u00bb0&#8243;]<div class=\"_df_book df-lite\" id=\"df_17234184\"  _slug=\"modelo-de-vinculacion-con-el-medio\" data-title=\"modelo-de-vinculacion-con-el-medio\" wpoptions=\"true\" thumbtype=\"\" ><\/div><script class=\"df-shortcode-script\" nowprocket type=\"application\/javascript\">window.option_df_17234184 = {\"outline\":[],\"autoEnableOutline\":\"false\",\"autoEnableThumbnail\":\"false\",\"overwritePDFOutline\":\"false\",\"direction\":\"1\",\"pageSize\":\"0\",\"source\":\"https:\\\/\\\/upla.cl\\\/vinculacion\\\/wp-content\\\/uploads\\\/2026\\\/04\\\/modelo-de-gestion-v.2.pdf\",\"wpOptions\":\"true\"}; if(window.DFLIP && window.DFLIP.parseBooks){window.DFLIP.parseBooks();}<\/script>[\/et_pb_code][\/et_pb_column][\/et_pb_row][\/et_pb_section]<\/p>\n","protected":false},"excerpt":{"rendered":"<p>El Modelo de Vinculaci\u00f3n con el Medio de la Universidad de Playa Ancha establece el marco estrat\u00e9gico y operativo que orienta la relaci\u00f3n bidireccional entre la instituci\u00f3n y su entorno [&hellip;]<\/p>\n","protected":false},"author":12,"featured_media":0,"parent":0,"menu_order":0,"comment_status":"closed","ping_status":"closed","template":"","meta":{"_et_pb_use_builder":"on","_et_pb_old_content":"","_et_gb_content_width":"","_price":"","_stock":"","_tribe_ticket_header":"","_tribe_default_ticket_provider":"","_tribe_ticket_capacity":"0","_ticket_start_date":"","_ticket_end_date":"","_tribe_ticket_show_description":"","_tribe_ticket_show_not_going":false,"_tribe_ticket_use_global_stock":"","_tribe_ticket_global_stock_level":"","_global_stock_mode":"","_global_stock_cap":"","_tribe_rsvp_for_event":"","_tribe_ticket_going_count":"","_tribe_ticket_not_going_count":"","_tribe_tickets_list":"[]","_tribe_ticket_has_attendee_info_fields":false,"footnotes":"","_tec_slr_enabled":"","_tec_slr_layout":""},"class_list":["post-17233691","page","type-page","status-publish","hentry"],"ticketed":false,"_links":{"self":[{"href":"https:\/\/upla.cl\/vinculacion\/wp-json\/wp\/v2\/pages\/17233691","targetHints":{"allow":["GET"]}}],"collection":[{"href":"https:\/\/upla.cl\/vinculacion\/wp-json\/wp\/v2\/pages"}],"about":[{"href":"https:\/\/upla.cl\/vinculacion\/wp-json\/wp\/v2\/types\/page"}],"author":[{"embeddable":true,"href":"https:\/\/upla.cl\/vinculacion\/wp-json\/wp\/v2\/users\/12"}],"replies":[{"embeddable":true,"href":"https:\/\/upla.cl\/vinculacion\/wp-json\/wp\/v2\/comments?post=17233691"}],"version-history":[{"count":11,"href":"https:\/\/upla.cl\/vinculacion\/wp-json\/wp\/v2\/pages\/17233691\/revisions"}],"predecessor-version":[{"id":17234187,"href":"https:\/\/upla.cl\/vinculacion\/wp-json\/wp\/v2\/pages\/17233691\/revisions\/17234187"}],"wp:attachment":[{"href":"https:\/\/upla.cl\/vinculacion\/wp-json\/wp\/v2\/media?parent=17233691"}],"curies":[{"name":"wp","href":"https:\/\/api.w.org\/{rel}","templated":true}]}}