{"id":17228704,"date":"2025-10-29T14:55:21","date_gmt":"2025-10-29T17:55:21","guid":{"rendered":"https:\/\/upla.cl\/vinculacion\/?post_type=tribe_events&#038;p=17228704"},"modified":"2025-12-09T08:45:09","modified_gmt":"2025-12-09T11:45:09","slug":"desde-el-aula-al-territorio-aprendizajes-reciprocos-que-transforman","status":"publish","type":"tribe_events","link":"https:\/\/upla.cl\/vinculacion\/evento\/desde-el-aula-al-territorio-aprendizajes-reciprocos-que-transforman\/","title":{"rendered":"Presentaci\u00f3n \u00abDesde el aula al territorio: aprendizajes rec\u00edprocos que transforman\u00bb"},"content":{"rendered":"<p>[et_pb_section fb_built=\u00bb1&#8243; admin_label=\u00bbEvento\u00bb _builder_version=\u00bb4.27.4&#8243; global_colors_info=\u00bb{}\u00bb][et_pb_row admin_label=\u00bbEvento\u00bb _builder_version=\u00bb4.27.4&#8243; background_size=\u00bbinitial\u00bb background_position=\u00bbtop_left\u00bb background_repeat=\u00bbrepeat\u00bb width=\u00bb90%\u00bb global_colors_info=\u00bb{}\u00bb][et_pb_column type=\u00bb4_4&#8243; _builder_version=\u00bb4.16&#8243; custom_padding=\u00bb|||\u00bb global_colors_info=\u00bb{}\u00bb custom_padding__hover=\u00bb|||\u00bb][et_pb_text admin_label=\u00bbInformaci\u00f3n \u00bb _builder_version=\u00bb4.27.4&#8243; background_size=\u00bbinitial\u00bb background_position=\u00bbtop_left\u00bb background_repeat=\u00bbrepeat\u00bb global_colors_info=\u00bb{}\u00bb]<\/p>\n<p>La <b>Direcci\u00f3n General de Vinculaci\u00f3n con el Medio<\/b> (DGVM) extiende una invitaci\u00f3n a toda la comunidad universitaria a la jornada de presentaci\u00f3n de su primer libro de metodolog\u00edas activas, <b>\u00ab<span class=\"il\">Desde el aula al territorio<\/span>: aprendizajes rec\u00edprocos que transforman\u00bb<\/b>.<\/p>\n<p>En esta ocasi\u00f3n, contaremos con un panel de expertos que comentar\u00e1n las experiencias recogidas en la publicaci\u00f3n y conversar\u00e1n sobre la importancia de una docencia con enfoque en vinculaci\u00f3n con el medio orientada a fortalecer una formaci\u00f3n integral.<\/p>\n<p>La jornada se llevar\u00e1 a cabo el <b>mi\u00e9rcoles 5 de noviembre<\/b>, a las 14:15 horas, en el Auditorio de Ciencias e Ingenier\u00eda de la Universidad de Playa Ancha, ubicado en Av. Leopoldo Carvallo 270, Valpara\u00edso.<\/p>\n<p>[\/et_pb_text][\/et_pb_column][\/et_pb_row][\/et_pb_section]<\/p>\n","protected":false},"excerpt":{"rendered":"<p>La Direcci\u00f3n General de Vinculaci\u00f3n con el Medio (DGVM) extiende una invitaci\u00f3n a toda la comunidad universitaria a la jornada de presentaci\u00f3n de su primer libro de metodolog\u00edas activas, \u00abDesde [&hellip;]<\/p>\n","protected":false},"author":8,"featured_media":17228751,"template":"","meta":{"_et_pb_use_builder":"on","_et_pb_old_content":"La jornada se llevar\u00e1 a cabo el <b>mi\u00e9rcoles 5 de noviembre<\/b>, a las 14:15 horas, en el Auditorio de Ciencias e Ingenier\u00eda de la Universidad de Playa Ancha, ubicado en Av. Leopoldo Carvallo 270, Valpara\u00edso.","_et_gb_content_width":"","_price":"","_stock":"","_tribe_ticket_header":"","_tribe_default_ticket_provider":"","_tribe_ticket_capacity":"0","_ticket_start_date":"","_ticket_end_date":"","_tribe_ticket_show_description":"","_tribe_ticket_show_not_going":false,"_tribe_ticket_use_global_stock":"","_tribe_ticket_global_stock_level":"","_global_stock_mode":"","_global_stock_cap":"","_tribe_rsvp_for_event":"","_tribe_ticket_going_count":"","_tribe_ticket_not_going_count":"","_tribe_tickets_list":"[]","_tribe_ticket_has_attendee_info_fields":false,"_tribe_events_status":"","_tribe_events_status_reason":"","footnotes":"","_tec_slr_enabled":"","_tec_slr_layout":""},"tags":[140,167],"tribe_events_cat":[91],"class_list":["post-17228704","tribe_events","type-tribe_events","status-publish","has-post-thumbnail","hentry","tag-fondo-mas","tag-fondo-metodologias-activas-situadas","tribe_events_cat-fondo-de-metodologias-activas-situadas","cat_fondo-de-metodologias-activas-situadas"],"ticketed":false,"_links":{"self":[{"href":"https:\/\/upla.cl\/vinculacion\/wp-json\/wp\/v2\/tribe_events\/17228704","targetHints":{"allow":["GET"]}}],"collection":[{"href":"https:\/\/upla.cl\/vinculacion\/wp-json\/wp\/v2\/tribe_events"}],"about":[{"href":"https:\/\/upla.cl\/vinculacion\/wp-json\/wp\/v2\/types\/tribe_events"}],"author":[{"embeddable":true,"href":"https:\/\/upla.cl\/vinculacion\/wp-json\/wp\/v2\/users\/8"}],"version-history":[{"count":10,"href":"https:\/\/upla.cl\/vinculacion\/wp-json\/wp\/v2\/tribe_events\/17228704\/revisions"}],"predecessor-version":[{"id":17231343,"href":"https:\/\/upla.cl\/vinculacion\/wp-json\/wp\/v2\/tribe_events\/17228704\/revisions\/17231343"}],"wp:featuredmedia":[{"embeddable":true,"href":"https:\/\/upla.cl\/vinculacion\/wp-json\/wp\/v2\/media\/17228751"}],"wp:attachment":[{"href":"https:\/\/upla.cl\/vinculacion\/wp-json\/wp\/v2\/media?parent=17228704"}],"wp:term":[{"taxonomy":"post_tag","embeddable":true,"href":"https:\/\/upla.cl\/vinculacion\/wp-json\/wp\/v2\/tags?post=17228704"},{"taxonomy":"tribe_events_cat","embeddable":true,"href":"https:\/\/upla.cl\/vinculacion\/wp-json\/wp\/v2\/tribe_events_cat?post=17228704"}],"curies":[{"name":"wp","href":"https:\/\/api.w.org\/{rel}","templated":true}]}}

Presentación «Desde el aula al territorio: aprendizajes recíprocos que transforman»

<p>[et_pb_section fb_built=»1&#8243; admin_label=»Evento» _builder_version=»4.27.4&#8243; global_colors_info=»{}»][et_pb_row admin_label=»Evento» _builder_version=»4.27.4&#8243; background_size=»initial» background_position=»top_left» background_repeat=»repeat» width=»90%» global_colors_info=»{}»][et_pb_column type=»4_4&#8243; _builder_version=»4.16&#8243; custom_padding=»|||» global_colors_info=»{}» custom_padding__hover=»|||»][et_pb_text admin_label=»Información » _builder_version=»4.27.4&#8243; background_size=»initial» background_position=»top_left» background_repeat=»repeat» global_colors_info=»{}»]</p>
<p>La <b>Dirección General de Vinculación con el Medio</b> (DGVM) extiende una invitación a toda la comunidad universitaria a la jornada de presentación de su primer libro de metodologías activas, <b>«<span class="il">Desde el aula al territorio</span>: aprendizajes recíprocos que transforman»</b>.</p>
<p>En esta ocasión, contaremos con un panel de expertos que comentarán las experiencias recogidas en la publicación y conversarán sobre la importancia de una docencia con enfoque en vinculación con el medio orientada a fortalecer una formación integral.</p>
<p>La jornada se llevará a cabo el <b>miércoles 5 de noviembre</b>, a las 14:15 horas, en el Auditorio de Ciencias e Ingeniería de la Universidad de Playa Ancha, ubicado en Av. Leopoldo Carvallo 270, Valparaíso.</p>
<p>[/et_pb_text][/et_pb_column][/et_pb_row][/et_pb_section]</p>

<p>La Dirección General de Vinculación con el Medio (DGVM) extiende una invitación a toda la comunidad universitaria a la jornada de presentación de su primer libro de metodologías activas, «Desde [&hellip;]</p>

La jornada se llevará a cabo el <b>miércoles 5 de noviembre</b>, a las 14:15 horas, en el Auditorio de Ciencias e Ingeniería de la Universidad de Playa Ancha, ubicado en Av. Leopoldo Carvallo 270, Valparaíso.
